Last updated on 2022-05-15 01:52:32 CEST.
Flavor | Version | Tinstall | Tcheck | Ttotal | Status | Flags |
---|---|---|---|---|---|---|
r-devel-linux-x86_64-debian-clang | 1.1.5 | 522.33 | 127.64 | 649.97 | NOTE | |
r-devel-linux-x86_64-debian-gcc | 1.1.5 | 437.32 | 113.16 | 550.48 | NOTE | |
r-devel-linux-x86_64-fedora-clang | 1.1.5 | 930.73 | NOTE | |||
r-devel-linux-x86_64-fedora-gcc | 1.1.5 | 911.05 | NOTE | |||
r-devel-windows-x86_64 | 1.1.5 | 310.00 | 193.00 | 503.00 | NOTE | |
r-patched-linux-x86_64 | 1.1.5 | 397.13 | 144.29 | 541.42 | NOTE | |
r-release-linux-x86_64 | 1.1.5 | 377.64 | 143.93 | 521.57 | NOTE | |
r-release-macos-arm64 | 1.1.5 | 226.00 | NOTE | |||
r-release-macos-x86_64 | 1.1.5 | 346.00 | NOTE | |||
r-release-windows-x86_64 | 1.1.5 | 344.00 | 207.00 | 551.00 | NOTE | |
r-oldrel-macos-arm64 | 1.1.5 | 251.00 | NOTE | |||
r-oldrel-macos-x86_64 | 1.1.5 | 434.00 | NOTE | |||
r-oldrel-windows-ix86+x86_64 | 1.1.5 | 1072.00 | 251.00 | 1323.00 | NOTE |
Version: 1.1.5
Check: for GNU extensions in Makefiles
Result: NOTE
GNU make is a SystemRequirements.
Flavors: r-devel-linux-x86_64-debian-clang, r-devel-linux-x86_64-debian-gcc, r-devel-linux-x86_64-fedora-clang, r-devel-linux-x86_64-fedora-gcc, r-devel-windows-x86_64, r-patched-linux-x86_64, r-release-linux-x86_64, r-release-macos-arm64, r-release-macos-x86_64, r-release-windows-x86_64, r-oldrel-macos-arm64, r-oldrel-macos-x86_64, r-oldrel-windows-ix86+x86_64
Version: 1.1.5
Check: installed package size
Result: NOTE
installed size is 59.6Mb
sub-directories of 1Mb or more:
libs 59.2Mb
Flavors: r-devel-linux-x86_64-fedora-clang, r-release-macos-arm64, r-release-macos-x86_64, r-oldrel-macos-arm64, r-oldrel-macos-x86_64, r-oldrel-windows-ix86+x86_64