Last updated on 2022-05-15 01:52:31 CEST.
Flavor | Version | Tinstall | Tcheck | Ttotal | Status | Flags |
---|---|---|---|---|---|---|
r-devel-linux-x86_64-debian-clang | 0.1.1 | 3.44 | 78.02 | 81.46 | NOTE | |
r-devel-linux-x86_64-debian-gcc | 0.1.1 | 2.41 | 59.12 | 61.53 | NOTE | |
r-devel-linux-x86_64-fedora-clang | 0.1.1 | 96.73 | NOTE | |||
r-devel-linux-x86_64-fedora-gcc | 0.1.1 | 97.58 | NOTE | |||
r-devel-windows-x86_64 | 0.1.1 | 17.00 | 105.00 | 122.00 | NOTE | |
r-patched-linux-x86_64 | 0.1.1 | 2.85 | 76.36 | 79.21 | NOTE | |
r-release-linux-x86_64 | 0.1.1 | 2.49 | 76.20 | 78.69 | NOTE | |
r-release-macos-arm64 | 0.1.1 | 34.00 | NOTE | |||
r-release-macos-x86_64 | 0.1.1 | 46.00 | NOTE | |||
r-release-windows-x86_64 | 0.1.1 | 19.00 | 110.00 | 129.00 | NOTE | |
r-oldrel-macos-arm64 | 0.1.1 | 45.00 | NOTE | |||
r-oldrel-macos-x86_64 | 0.1.1 | 63.00 | NOTE | |||
r-oldrel-windows-ix86+x86_64 | 0.1.1 | 8.00 | 101.00 | 109.00 | NOTE |
Version: 0.1.1
Check: LazyData
Result: NOTE
'LazyData' is specified without a 'data' directory
Flavors: r-devel-linux-x86_64-debian-clang, r-devel-linux-x86_64-debian-gcc, r-devel-linux-x86_64-fedora-clang, r-devel-linux-x86_64-fedora-gcc, r-devel-windows-x86_64, r-patched-linux-x86_64, r-release-linux-x86_64, r-release-macos-arm64, r-release-macos-x86_64, r-release-windows-x86_64, r-oldrel-macos-arm64, r-oldrel-macos-x86_64, r-oldrel-windows-ix86+x86_64
Version: 0.1.1
Check: dependencies in R code
Result: NOTE
Namespace in Imports field not imported from: ‘rgdal’
All declared Imports should be used.
Flavors: r-devel-linux-x86_64-fedora-clang, r-devel-linux-x86_64-fedora-gcc, r-release-macos-arm64, r-release-macos-x86_64, r-oldrel-macos-arm64, r-oldrel-macos-x86_64