Last updated on 2022-05-15 01:52:32 CEST.
Flavor | Version | Tinstall | Tcheck | Ttotal | Status | Flags |
---|---|---|---|---|---|---|
r-devel-linux-x86_64-debian-clang | 0.4.3.1 | 196.82 | 394.57 | 591.39 | OK | |
r-devel-linux-x86_64-debian-gcc | 0.4.3.1 | 155.65 | 277.66 | 433.31 | OK | |
r-devel-linux-x86_64-fedora-clang | 0.4.3.1 | 748.46 | NOTE | |||
r-devel-linux-x86_64-fedora-gcc | 0.4.3.2 | 797.21 | OK | |||
r-devel-windows-x86_64 | 0.4.3.1 | 246.00 | 445.00 | 691.00 | NOTE | |
r-patched-linux-x86_64 | 0.4.3.1 | 169.86 | 350.58 | 520.44 | OK | |
r-release-linux-x86_64 | 0.4.3.1 | 157.61 | 350.96 | 508.57 | OK | |
r-release-macos-arm64 | 0.4.3.1 | 190.00 | NOTE | |||
r-release-macos-x86_64 | 0.4.3.1 | 257.00 | NOTE | |||
r-release-windows-x86_64 | 0.4.3.1 | 242.00 | 458.00 | 700.00 | NOTE | |
r-oldrel-macos-arm64 | 0.4.3.1 | 206.00 | NOTE | |||
r-oldrel-macos-x86_64 | 0.4.3.1 | 274.00 | NOTE | |||
r-oldrel-windows-ix86+x86_64 | 0.4.3.1 | 455.00 | 726.00 | 1181.00 | NOTE |
Version: 0.4.3.1
Check: installed package size
Result: NOTE
installed size is 13.0Mb
sub-directories of 1Mb or more:
doc 1.1Mb
extdata 2.6Mb
libs 7.8Mb
Flavors: r-devel-linux-x86_64-fedora-clang, r-devel-windows-x86_64, r-release-macos-arm64, r-release-macos-x86_64, r-release-windows-x86_64, r-oldrel-macos-arm64, r-oldrel-macos-x86_64, r-oldrel-windows-ix86+x86_64