Last updated on 2022-05-15 01:52:32 CEST.
Flavor | Version | Tinstall | Tcheck | Ttotal | Status | Flags |
---|---|---|---|---|---|---|
r-devel-linux-x86_64-debian-clang | 2.0.1 | 29.79 | 279.26 | 309.05 | NOTE | |
r-devel-linux-x86_64-debian-gcc | 2.0.1 | 26.13 | 207.96 | 234.09 | NOTE | |
r-devel-linux-x86_64-fedora-clang | 2.0.1 | 378.43 | NOTE | |||
r-devel-linux-x86_64-fedora-gcc | 2.0.1 | 383.25 | NOTE | |||
r-devel-windows-x86_64 | 2.0.1 | 47.00 | 280.00 | 327.00 | NOTE | |
r-patched-linux-x86_64 | 2.0.1 | 28.38 | 260.25 | 288.63 | NOTE | |
r-release-linux-x86_64 | 2.0.1 | 26.56 | 264.67 | 291.23 | NOTE | |
r-release-macos-arm64 | 2.0.1 | 86.00 | NOTE | |||
r-release-macos-x86_64 | 2.0.1 | 110.00 | NOTE | |||
r-release-windows-x86_64 | 2.0.1 | 68.00 | 193.00 | 261.00 | NOTE | |
r-oldrel-macos-arm64 | 2.0.1 | 86.00 | NOTE | |||
r-oldrel-macos-x86_64 | 2.0.1 | 100.00 | NOTE | |||
r-oldrel-windows-ix86+x86_64 | 2.0.1 | 61.00 | 279.00 | 340.00 | NOTE |
Version: 2.0.1
Check: package dependencies
Result: NOTE
Package suggested but not available for checking: 'spDataLarge'
Flavors: r-devel-linux-x86_64-debian-clang, r-devel-linux-x86_64-debian-gcc, r-devel-linux-x86_64-fedora-clang, r-devel-linux-x86_64-fedora-gcc, r-devel-windows-x86_64, r-patched-linux-x86_64, r-release-linux-x86_64, r-release-macos-arm64, r-release-macos-x86_64, r-release-windows-x86_64, r-oldrel-macos-arm64, r-oldrel-macos-x86_64, r-oldrel-windows-ix86+x86_64
Version: 2.0.1
Check: installed package size
Result: NOTE
installed size is 6.5Mb
sub-directories of 1Mb or more:
data 2.6Mb
shapes 3.2Mb
Flavors: r-devel-linux-x86_64-fedora-clang, r-devel-windows-x86_64, r-release-macos-arm64, r-release-macos-x86_64, r-release-windows-x86_64, r-oldrel-macos-arm64, r-oldrel-macos-x86_64, r-oldrel-windows-ix86+x86_64
Version: 2.0.1
Check: data for non-ASCII characters
Result: NOTE
Note: found 56 marked UTF-8 strings
Flavors: r-devel-linux-x86_64-fedora-clang, r-devel-linux-x86_64-fedora-gcc, r-release-macos-arm64, r-release-macos-x86_64, r-oldrel-macos-arm64, r-oldrel-macos-x86_64