CRAN Package Check Results for Package solrad

Last updated on 2022-05-15 01:52:31 CEST.

Flavor Version Tinstall Tcheck Ttotal Status Flags
r-devel-linux-x86_64-debian-clang 1.0.0 1.93 33.93 35.86 NOTE
r-devel-linux-x86_64-debian-gcc 1.0.0 1.83 26.01 27.84 NOTE
r-devel-linux-x86_64-fedora-clang 1.0.0 44.35 NOTE
r-devel-linux-x86_64-fedora-gcc 1.0.0 42.35 NOTE
r-devel-windows-x86_64 1.0.0 17.00 52.00 69.00 NOTE
r-patched-linux-x86_64 1.0.0 2.72 31.77 34.49 NOTE
r-release-linux-x86_64 1.0.0 2.26 32.53 34.79 NOTE
r-release-macos-arm64 1.0.0 14.00 NOTE
r-release-macos-x86_64 1.0.0 22.00 NOTE
r-release-windows-x86_64 1.0.0 17.00 52.00 69.00 NOTE
r-oldrel-macos-arm64 1.0.0 16.00 NOTE
r-oldrel-macos-x86_64 1.0.0 28.00 NOTE
r-oldrel-windows-ix86+x86_64 1.0.0 6.00 42.00 48.00 NOTE

Check Details

Version: 1.0.0
Check: LazyData
Result: NOTE
     'LazyData' is specified without a 'data' directory
Flavors: r-devel-linux-x86_64-debian-clang, r-devel-linux-x86_64-debian-gcc, r-devel-linux-x86_64-fedora-clang, r-devel-linux-x86_64-fedora-gcc, r-devel-windows-x86_64, r-patched-linux-x86_64, r-release-linux-x86_64, r-release-macos-arm64, r-release-macos-x86_64, r-release-windows-x86_64, r-oldrel-macos-arm64, r-oldrel-macos-x86_64, r-oldrel-windows-ix86+x86_64