CRAN Package Check Results for Package socialrisk

Last updated on 2022-05-15 01:52:31 CEST.

Flavor Version Tinstall Tcheck Ttotal Status Flags
r-devel-linux-x86_64-debian-clang 0.5.0 3.32 49.85 53.17 OK
r-devel-linux-x86_64-debian-gcc 0.5.0 2.94 37.73 40.67 OK
r-devel-linux-x86_64-fedora-clang 0.5.0 66.05 NOTE
r-devel-linux-x86_64-fedora-gcc 0.5.0 62.00 NOTE
r-devel-windows-x86_64 0.5.0 14.00 67.00 81.00 OK
r-patched-linux-x86_64 0.5.0 3.59 46.85 50.44 OK
r-release-linux-x86_64 0.5.0 3.45 47.30 50.75 OK
r-release-macos-arm64 0.5.0 22.00 NOTE
r-release-macos-x86_64 0.5.0 35.00 NOTE
r-release-windows-x86_64 0.5.0 16.00 68.00 84.00 OK
r-oldrel-macos-arm64 0.5.0 23.00 NOTE
r-oldrel-macos-x86_64 0.5.0 28.00 NOTE
r-oldrel-windows-ix86+x86_64 0.5.0 13.00 61.00 74.00 OK

Check Details

Version: 0.5.0
Check: dependencies in R code
Result: NOTE
    Namespaces in Imports field not imported from:
     ‘devtools’ ‘stats’ ‘tidyverse’
     All declared Imports should be used.
Flavors: r-devel-linux-x86_64-fedora-clang, r-devel-linux-x86_64-fedora-gcc, r-release-macos-arm64, r-release-macos-x86_64, r-oldrel-macos-arm64, r-oldrel-macos-x86_64