CRAN Package Check Results for Package sobolnp

Last updated on 2022-05-15 01:52:31 CEST.

Flavor Version Tinstall Tcheck Ttotal Status Flags
r-devel-linux-x86_64-debian-clang 0.1.0 9.38 113.54 122.92 NOTE
r-devel-linux-x86_64-debian-gcc 0.1.0 7.86 85.86 93.72 NOTE
r-devel-linux-x86_64-fedora-clang 0.1.0 148.38 NOTE
r-devel-linux-x86_64-fedora-gcc 0.1.0 144.93 NOTE
r-devel-windows-x86_64 0.1.0 15.00 122.00 137.00 NOTE
r-patched-linux-x86_64 0.1.0 8.14 106.19 114.33 NOTE
r-release-linux-x86_64 0.1.0 9.47 108.68 118.15 NOTE
r-release-macos-arm64 0.1.0 60.00 NOTE
r-release-macos-x86_64 0.1.0 56.00 NOTE
r-release-windows-x86_64 0.1.0 16.00 122.00 138.00 NOTE
r-oldrel-macos-arm64 0.1.0 44.00 NOTE
r-oldrel-macos-x86_64 0.1.0 68.00 NOTE
r-oldrel-windows-ix86+x86_64 0.1.0 20.00 119.00 139.00 NOTE

Check Details

Version: 0.1.0
Check: LazyData
Result: NOTE
     'LazyData' is specified without a 'data' directory
Flavors: r-devel-linux-x86_64-debian-clang, r-devel-linux-x86_64-debian-gcc, r-devel-linux-x86_64-fedora-clang, r-devel-linux-x86_64-fedora-gcc, r-devel-windows-x86_64, r-patched-linux-x86_64, r-release-linux-x86_64, r-release-macos-arm64, r-release-macos-x86_64, r-release-windows-x86_64, r-oldrel-macos-arm64, r-oldrel-macos-x86_64, r-oldrel-windows-ix86+x86_64