CRAN Package Check Results for Package sketchy

Last updated on 2022-05-15 01:52:31 CEST.

Flavor Version Tinstall Tcheck Ttotal Status Flags
r-devel-linux-x86_64-debian-clang 1.0.2 3.21 37.91 41.12 OK
r-devel-linux-x86_64-debian-gcc 1.0.2 2.34 29.20 31.54 OK
r-devel-linux-x86_64-fedora-clang 1.0.2 49.08 NOTE
r-devel-linux-x86_64-fedora-gcc 1.0.2 47.90 NOTE
r-devel-windows-x86_64 1.0.2 13.00 55.00 68.00 OK
r-patched-linux-x86_64 1.0.2 2.15 36.17 38.32 OK
r-release-linux-x86_64 1.0.2 2.76 36.30 39.06 OK
r-release-macos-arm64 1.0.2 18.00 NOTE
r-release-macos-x86_64 1.0.2 24.00 NOTE
r-release-windows-x86_64 1.0.2 15.00 55.00 70.00 OK
r-oldrel-macos-arm64 1.0.2 17.00 NOTE
r-oldrel-macos-x86_64 1.0.2 23.00 NOTE
r-oldrel-windows-ix86+x86_64 1.0.2 7.00 50.00 57.00 OK

Check Details

Version: 1.0.2
Check: data for non-ASCII characters
Result: NOTE
     Note: found 2 marked UTF-8 strings
Flavors: r-devel-linux-x86_64-fedora-clang, r-devel-linux-x86_64-fedora-gcc, r-release-macos-arm64, r-release-macos-x86_64, r-oldrel-macos-arm64, r-oldrel-macos-x86_64