CRAN Package Check Results for Package simtimer

Last updated on 2022-05-15 01:52:31 CEST.

Flavor Version Tinstall Tcheck Ttotal Status Flags
r-devel-linux-x86_64-debian-clang 4.0.0 2.14 34.34 36.48 NOTE
r-devel-linux-x86_64-debian-gcc 4.0.0 1.57 26.22 27.79 NOTE
r-devel-linux-x86_64-fedora-clang 4.0.0 44.48 NOTE
r-devel-linux-x86_64-fedora-gcc 4.0.0 42.00 NOTE
r-devel-windows-x86_64 4.0.0 11.00 54.00 65.00 NOTE
r-patched-linux-x86_64 4.0.0 1.75 33.17 34.92 NOTE
r-release-linux-x86_64 4.0.0 1.37 32.98 34.35 NOTE
r-release-macos-arm64 4.0.0 16.00 NOTE
r-release-macos-x86_64 4.0.0 23.00 NOTE
r-release-windows-x86_64 4.0.0 14.00 55.00 69.00 NOTE
r-oldrel-macos-arm64 4.0.0 19.00 NOTE
r-oldrel-macos-x86_64 4.0.0 28.00 NOTE
r-oldrel-windows-ix86+x86_64 4.0.0 7.00 45.00 52.00 NOTE

Check Details

Version: 4.0.0
Check: LazyData
Result: NOTE
     'LazyData' is specified without a 'data' directory
Flavors: r-devel-linux-x86_64-debian-clang, r-devel-linux-x86_64-debian-gcc, r-devel-linux-x86_64-fedora-clang, r-devel-linux-x86_64-fedora-gcc, r-devel-windows-x86_64, r-patched-linux-x86_64, r-release-linux-x86_64, r-release-macos-arm64, r-release-macos-x86_64, r-release-windows-x86_64, r-oldrel-macos-arm64, r-oldrel-macos-x86_64, r-oldrel-windows-ix86+x86_64