Last updated on 2022-05-15 01:52:31 CEST.
Flavor | Version | Tinstall | Tcheck | Ttotal | Status | Flags |
---|---|---|---|---|---|---|
r-devel-linux-x86_64-debian-clang | 6.2.0 | 25.74 | 272.10 | 297.84 | OK | |
r-devel-linux-x86_64-debian-gcc | 6.2.0 | 21.88 | 197.37 | 219.25 | OK | |
r-devel-linux-x86_64-fedora-clang | 6.2.0 | 355.84 | NOTE | |||
r-devel-linux-x86_64-fedora-gcc | 6.2.0 | 353.58 | OK | |||
r-devel-windows-x86_64 | 6.2.0 | 72.00 | 291.00 | 363.00 | OK | |
r-patched-linux-x86_64 | 6.2.0 | 17.42 | 252.95 | 270.37 | OK | |
r-release-linux-x86_64 | 6.2.0 | 17.19 | 250.97 | 268.16 | OK | |
r-release-macos-arm64 | 6.2.0 | 93.00 | OK | |||
r-release-macos-x86_64 | 6.2.0 | 151.00 | OK | |||
r-release-windows-x86_64 | 6.2.0 | 104.00 | 284.00 | 388.00 | OK | |
r-oldrel-macos-arm64 | 6.2.0 | 81.00 | OK | |||
r-oldrel-macos-x86_64 | 6.2.0 | 121.00 | OK | |||
r-oldrel-windows-ix86+x86_64 | 6.2.0 | 45.00 | 289.00 | 334.00 | OK |
Version: 6.2.0
Check: package dependencies
Result: NOTE
Imports includes 22 non-default packages.
Importing from so many packages makes the package vulnerable to any of
them becoming unavailable. Move as many as possible to Suggests and
use conditionally.
Flavor: r-devel-linux-x86_64-fedora-clang