CRAN Package Check Results for Package simer

Last updated on 2022-05-15 01:52:31 CEST.

Flavor Version Tinstall Tcheck Ttotal Status Flags
r-devel-linux-x86_64-debian-clang 0.9.0.0 85.85 133.64 219.49 WARN
r-devel-linux-x86_64-debian-gcc 0.9.0.0 67.47 94.13 161.60 OK
r-devel-linux-x86_64-fedora-clang 0.9.0.0 289.69 WARN
r-devel-linux-x86_64-fedora-gcc 0.9.0.0 261.52 OK
r-devel-windows-x86_64 0.9.0.0 132.00 195.00 327.00 OK
r-patched-linux-x86_64 0.9.0.0 70.48 118.28 188.76 OK
r-release-macos-arm64 0.9.0.0 74.00 OK
r-release-macos-x86_64 0.9.0.0 92.00 NOTE
r-oldrel-macos-arm64 0.9.0.0 68.00 OK
r-oldrel-macos-x86_64 0.9.0.0 85.00 NOTE
r-oldrel-windows-ix86+x86_64 0.9.0.0 39.00 21.00 60.00 ERROR

Additional issues

clang14

Check Details

Version: 0.9.0.0
Check: whether package can be installed
Result: WARN
    Found the following significant warnings:
     genotype.cpp:475:7: warning: use of bitwise '|' with boolean operands [-Wbitwise-instead-of-logical]
     genotype.cpp:672:7: warning: use of bitwise '|' with boolean operands [-Wbitwise-instead-of-logical]
     pedigree.cpp:193:9: warning: use of bitwise '&' with boolean operands [-Wbitwise-instead-of-logical]
Flavors: r-devel-linux-x86_64-debian-clang, r-devel-linux-x86_64-fedora-clang

Version: 0.9.0.0
Check: installed package size
Result: NOTE
     installed size is 5.3Mb
     sub-directories of 1Mb or more:
     libs 4.5Mb
Flavors: r-release-macos-x86_64, r-oldrel-macos-x86_64

Version: 0.9.0.0
Check: whether package can be installed
Result: ERROR
    Installation failed.
Flavor: r-oldrel-windows-ix86+x86_64