CRAN Package Check Results for Package simPATHy

Last updated on 2022-05-15 01:52:31 CEST.

Flavor Version Tinstall Tcheck Ttotal Status Flags
r-devel-linux-x86_64-debian-clang 0.6 4.88 74.49 79.37 OK
r-devel-linux-x86_64-debian-gcc 0.6 2.92 56.62 59.54 OK
r-devel-linux-x86_64-fedora-clang 0.6 108.27 NOTE
r-devel-linux-x86_64-fedora-gcc 0.6 95.68 OK
r-devel-windows-x86_64 0.6 18.00 99.00 117.00 OK
r-patched-linux-x86_64 0.6 5.07 71.27 76.34 OK
r-release-linux-x86_64 0.6 4.78 72.72 77.50 OK
r-release-macos-arm64 0.6 6.00 ERROR
r-release-macos-x86_64 0.6 7.00 ERROR
r-release-windows-x86_64 0.6 21.00 99.00 120.00 OK
r-oldrel-macos-arm64 0.6 45.00 NOTE
r-oldrel-macos-x86_64 0.6 8.00 ERROR
r-oldrel-windows-ix86+x86_64 0.6 11.00 92.00 103.00 OK

Additional issues

noSuggests

Check Details

Version: 0.6
Check: package dependencies
Result: NOTE
    Package suggested but not available for checking: ‘clipper’
Flavors: r-devel-linux-x86_64-fedora-clang, r-oldrel-macos-arm64

Version: 0.6
Check: package dependencies
Result: ERROR
    Package required but not available: ‘qpgraph’
    
    Packages suggested but not available for checking: 'clipper', 'topologyGSA'
    
    See section ‘The DESCRIPTION file’ in the ‘Writing R Extensions’
    manual.
Flavors: r-release-macos-arm64, r-release-macos-x86_64, r-oldrel-macos-x86_64