Last updated on 2022-05-15 01:52:31 CEST.
Flavor | Version | Tinstall | Tcheck | Ttotal | Status | Flags |
---|---|---|---|---|---|---|
r-devel-linux-x86_64-debian-clang | 0.1.2 | 3.09 | 54.01 | 57.10 | NOTE | |
r-devel-linux-x86_64-debian-gcc | 0.1.2 | 1.91 | 41.77 | 43.68 | NOTE | |
r-devel-linux-x86_64-fedora-clang | 0.1.2 | 68.28 | NOTE | |||
r-devel-linux-x86_64-fedora-gcc | 0.1.2 | 67.28 | NOTE | |||
r-devel-windows-x86_64 | 0.1.2 | 8.00 | 73.00 | 81.00 | NOTE | |
r-patched-linux-x86_64 | 0.1.2 | 2.85 | 52.60 | 55.45 | NOTE | |
r-release-linux-x86_64 | 0.1.2 | 2.49 | 51.68 | 54.17 | NOTE | |
r-release-macos-arm64 | 0.1.2 | 27.00 | NOTE | |||
r-release-macos-x86_64 | 0.1.2 | 34.00 | NOTE | |||
r-release-windows-x86_64 | 0.1.2 | 19.00 | 74.00 | 93.00 | NOTE | |
r-oldrel-macos-arm64 | 0.1.2 | 43.00 | NOTE | |||
r-oldrel-macos-x86_64 | 0.1.2 | 40.00 | NOTE | |||
r-oldrel-windows-ix86+x86_64 | 0.1.2 | 9.00 | 66.00 | 75.00 | NOTE |
Version: 0.1.2
Check: LazyData
Result: NOTE
'LazyData' is specified without a 'data' directory
Flavors: r-devel-linux-x86_64-debian-clang, r-devel-linux-x86_64-debian-gcc, r-devel-linux-x86_64-fedora-clang, r-devel-linux-x86_64-fedora-gcc, r-devel-windows-x86_64, r-patched-linux-x86_64, r-release-linux-x86_64, r-release-macos-arm64, r-release-macos-x86_64, r-release-windows-x86_64, r-oldrel-macos-arm64, r-oldrel-macos-x86_64, r-oldrel-windows-ix86+x86_64