Last updated on 2022-05-15 01:52:31 CEST.
Flavor | Version | Tinstall | Tcheck | Ttotal | Status | Flags |
---|---|---|---|---|---|---|
r-devel-linux-x86_64-debian-clang | 0.7-7 | 6.54 | 55.92 | 62.46 | OK | |
r-devel-linux-x86_64-debian-gcc | 0.7-7 | 4.09 | 41.74 | 45.83 | OK | |
r-devel-linux-x86_64-fedora-clang | 0.7-7 | 72.33 | NOTE | |||
r-devel-linux-x86_64-fedora-gcc | 0.7-7 | 73.05 | NOTE | |||
r-devel-windows-x86_64 | 0.7-7 | 48.00 | 81.00 | 129.00 | OK | |
r-patched-linux-x86_64 | 0.7-7 | 7.87 | 51.00 | 58.87 | OK | |
r-release-linux-x86_64 | 0.7-7 | 5.79 | 51.35 | 57.14 | OK | |
r-release-macos-arm64 | 0.7-7 | 23.00 | OK | |||
r-release-macos-x86_64 | 0.7-7 | 36.00 | OK | |||
r-release-windows-x86_64 | 0.7-7 | 45.00 | 82.00 | 127.00 | OK | |
r-oldrel-macos-arm64 | 0.7-7 | 30.00 | OK | |||
r-oldrel-macos-x86_64 | 0.7-7 | 46.00 | OK | |||
r-oldrel-windows-ix86+x86_64 | 0.7-7 | 15.00 | 74.00 | 89.00 | OK |
Version: 0.7-7
Check: compiled code
Result: NOTE
File ‘signal/libs/signal.so’:
Found no calls to: ‘R_registerRoutines’, ‘R_useDynamicSymbols’
It is good practice to register native routines and to disable symbol
search.
See ‘Writing portable packages’ in the ‘Writing R Extensions’ manual.
Flavors: r-devel-linux-x86_64-fedora-clang, r-devel-linux-x86_64-fedora-gcc