CRAN Package Check Results for Package sift

Last updated on 2022-05-15 01:52:31 CEST.

Flavor Version Tinstall Tcheck Ttotal Status Flags
r-devel-linux-x86_64-debian-clang 0.1.0 9.27 80.03 89.30 OK
r-devel-linux-x86_64-debian-gcc 0.1.0 7.26 59.89 67.15 OK
r-devel-linux-x86_64-fedora-clang 0.1.0 109.17 NOTE
r-devel-linux-x86_64-fedora-gcc 0.1.0 105.22 NOTE
r-devel-windows-x86_64 0.1.0 30.00 102.00 132.00 OK
r-patched-linux-x86_64 0.1.0 8.67 75.28 83.95 OK
r-release-linux-x86_64 0.1.0 6.78 74.60 81.38 OK
r-release-macos-arm64 0.1.0 30.00 NOTE
r-release-macos-x86_64 0.1.0 58.00 NOTE
r-release-windows-x86_64 0.1.0 27.00 104.00 131.00 OK
r-oldrel-macos-arm64 0.1.0 44.00 NOTE
r-oldrel-macos-x86_64 0.1.0 40.00 NOTE
r-oldrel-windows-ix86+x86_64 0.1.0 28.00 121.00 149.00 OK

Check Details

Version: 0.1.0
Check: data for non-ASCII characters
Result: NOTE
     Note: found 1231 marked UTF-8 strings
Flavors: r-devel-linux-x86_64-fedora-clang, r-devel-linux-x86_64-fedora-gcc, r-release-macos-arm64, r-release-macos-x86_64, r-oldrel-macos-arm64, r-oldrel-macos-x86_64