CRAN Package Check Results for Package shrinkTVP

Last updated on 2022-05-15 01:52:31 CEST.

Flavor Version Tinstall Tcheck Ttotal Status Flags
r-devel-linux-x86_64-debian-clang 2.0.5 185.79 75.21 261.00 WARN
r-devel-linux-x86_64-debian-gcc 2.0.5 159.04 57.33 216.37 OK
r-devel-linux-x86_64-fedora-clang 2.0.5 429.72 WARN
r-devel-linux-x86_64-fedora-gcc 2.0.5 384.45 OK
r-devel-windows-x86_64 2.0.5 166.00 140.00 306.00 OK
r-patched-linux-x86_64 2.0.5 162.81 71.53 234.34 OK
r-release-linux-x86_64 2.0.5 178.30 71.11 249.41 OK
r-release-macos-arm64 2.0.5 90.00 NOTE
r-release-macos-x86_64 2.0.5 109.00 NOTE
r-release-windows-x86_64 2.0.5 168.00 147.00 315.00 OK
r-oldrel-macos-arm64 2.0.5 79.00 NOTE
r-oldrel-macos-x86_64 2.0.5 108.00 NOTE
r-oldrel-windows-ix86+x86_64 2.0.5 509.00 133.00 642.00 OK

Additional issues

clang14

Check Details

Version: 2.0.5
Check: whether package can be installed
Result: WARN
    Found the following significant warnings:
     TG_sampling_functions.cpp:50:7: warning: use of bitwise '|' with boolean operands [-Wbitwise-instead-of-logical]
     cpp_utilities.cpp:33:7: warning: use of bitwise '|' with boolean operands [-Wbitwise-instead-of-logical]
     do_rgig1.cpp:149:14: warning: use of bitwise '&' with boolean operands [-Wbitwise-instead-of-logical]
     shrinkTVP.cpp:146:7: warning: use of bitwise '&' with boolean operands [-Wbitwise-instead-of-logical]
     shrinkTVP.cpp:151:7: warning: use of bitwise '&' with boolean operands [-Wbitwise-instead-of-logical]
     shrinkTVP.cpp:156:7: warning: use of bitwise '&' with boolean operands [-Wbitwise-instead-of-logical]
     shrinkTVP.cpp:161:7: warning: use of bitwise '&' with boolean operands [-Wbitwise-instead-of-logical]
     shrinkTVP.cpp:620:11: warning: use of bitwise '&' with boolean operands [-Wbitwise-instead-of-logical]
     shrinkTVP.cpp:624:11: warning: use of bitwise '&' with boolean operands [-Wbitwise-instead-of-logical]
     shrinkTVP.cpp:628:11: warning: use of bitwise '&' with boolean operands [-Wbitwise-instead-of-logical]
     shrinkTVP.cpp:632:11: warning: use of bitwise '&' with boolean operands [-Wbitwise-instead-of-logical]
Flavor: r-devel-linux-x86_64-debian-clang

Version: 2.0.5
Check: whether package can be installed
Result: WARN
    Found the following significant warnings:
     TG_sampling_functions.cpp:50:7: warning: use of bitwise '|' with boolean operands [-Wbitwise-instead-of-logical]
     do_rgig1.cpp:149:14: warning: use of bitwise '&' with boolean operands [-Wbitwise-instead-of-logical]
     cpp_utilities.cpp:33:7: warning: use of bitwise '|' with boolean operands [-Wbitwise-instead-of-logical]
     shrinkTVP.cpp:146:7: warning: use of bitwise '&' with boolean operands [-Wbitwise-instead-of-logical]
     shrinkTVP.cpp:151:7: warning: use of bitwise '&' with boolean operands [-Wbitwise-instead-of-logical]
     shrinkTVP.cpp:156:7: warning: use of bitwise '&' with boolean operands [-Wbitwise-instead-of-logical]
     shrinkTVP.cpp:161:7: warning: use of bitwise '&' with boolean operands [-Wbitwise-instead-of-logical]
     shrinkTVP.cpp:620:11: warning: use of bitwise '&' with boolean operands [-Wbitwise-instead-of-logical]
     shrinkTVP.cpp:624:11: warning: use of bitwise '&' with boolean operands [-Wbitwise-instead-of-logical]
     shrinkTVP.cpp:628:11: warning: use of bitwise '&' with boolean operands [-Wbitwise-instead-of-logical]
     shrinkTVP.cpp:632:11: warning: use of bitwise '&' with boolean operands [-Wbitwise-instead-of-logical]
Flavor: r-devel-linux-x86_64-fedora-clang

Version: 2.0.5
Check: installed package size
Result: NOTE
     installed size is 6.1Mb
     sub-directories of 1Mb or more:
     libs 5.1Mb
Flavors: r-devel-linux-x86_64-fedora-clang, r-release-macos-arm64, r-release-macos-x86_64, r-oldrel-macos-arm64, r-oldrel-macos-x86_64