Last updated on 2022-05-15 01:52:31 CEST.
Flavor | Version | Tinstall | Tcheck | Ttotal | Status | Flags |
---|---|---|---|---|---|---|
r-devel-linux-x86_64-debian-clang | 0.1.0 | 80.88 | 52.61 | 133.49 | WARN | |
r-devel-linux-x86_64-debian-gcc | 0.1.0 | 68.66 | 39.90 | 108.56 | OK | |
r-devel-linux-x86_64-fedora-clang | 0.1.0 | 200.24 | WARN | |||
r-devel-linux-x86_64-fedora-gcc | 0.1.0 | 182.64 | OK | |||
r-devel-windows-x86_64 | 0.1.0 | 72.00 | 87.00 | 159.00 | OK | |
r-patched-linux-x86_64 | 0.1.0 | 78.64 | 49.60 | 128.24 | OK | |
r-release-linux-x86_64 | 0.1.0 | 74.08 | 49.54 | 123.62 | OK | |
r-release-macos-arm64 | 0.1.0 | 45.00 | OK | |||
r-release-macos-x86_64 | 0.1.0 | 60.00 | OK | |||
r-release-windows-x86_64 | 0.1.0 | 70.00 | 91.00 | 161.00 | OK | |
r-oldrel-macos-arm64 | 0.1.0 | 62.00 | NOTE | |||
r-oldrel-macos-x86_64 | 0.1.0 | 59.00 | OK | |||
r-oldrel-windows-ix86+x86_64 | 0.1.0 | 203.00 | 91.00 | 294.00 | OK |
Version: 0.1.0
Check: whether package can be installed
Result: WARN
Found the following significant warnings:
do_shrinkDSM.cpp:361:7: warning: use of bitwise '&' with boolean operands [-Wbitwise-instead-of-logical]
do_shrinkDSM.cpp:366:7: warning: use of bitwise '&' with boolean operands [-Wbitwise-instead-of-logical]
do_shrinkDSM.cpp:371:7: warning: use of bitwise '&' with boolean operands [-Wbitwise-instead-of-logical]
do_shrinkDSM.cpp:376:7: warning: use of bitwise '&' with boolean operands [-Wbitwise-instead-of-logical]
do_shrinkDSM.cpp:702:9: warning: use of bitwise '&' with boolean operands [-Wbitwise-instead-of-logical]
do_shrinkDSM.cpp:706:9: warning: use of bitwise '&' with boolean operands [-Wbitwise-instead-of-logical]
do_shrinkDSM.cpp:710:9: warning: use of bitwise '&' with boolean operands [-Wbitwise-instead-of-logical]
do_shrinkDSM.cpp:714:9: warning: use of bitwise '&' with boolean operands [-Wbitwise-instead-of-logical]
Flavors: r-devel-linux-x86_64-debian-clang, r-devel-linux-x86_64-fedora-clang
Version: 0.1.0
Check: installed package size
Result: NOTE
installed size is 5.6Mb
sub-directories of 1Mb or more:
libs 5.4Mb
Flavor: r-oldrel-macos-arm64