Last updated on 2022-05-15 01:52:31 CEST.
Flavor | Version | Tinstall | Tcheck | Ttotal | Status | Flags |
---|---|---|---|---|---|---|
r-devel-linux-x86_64-debian-clang | 1.0.400 | 11.61 | 102.75 | 114.36 | OK | |
r-devel-linux-x86_64-debian-gcc | 1.0.400 | 8.94 | 75.78 | 84.72 | OK | |
r-devel-linux-x86_64-fedora-clang | 1.0.400 | 138.33 | OK | |||
r-devel-linux-x86_64-fedora-gcc | 1.0.400 | 135.61 | OK | |||
r-devel-windows-x86_64 | 1.0.400 | 49.00 | 118.00 | 167.00 | OK | |
r-patched-linux-x86_64 | 1.0.400 | 10.77 | 97.13 | 107.90 | OK | |
r-release-linux-x86_64 | 1.0.400 | 11.36 | 94.27 | 105.63 | OK | |
r-release-macos-arm64 | 1.0.400 | 38.00 | OK | |||
r-release-macos-x86_64 | 1.0.400 | 6.00 | ERROR | |||
r-release-windows-x86_64 | 1.0.400 | 47.00 | 113.00 | 160.00 | OK | |
r-oldrel-macos-arm64 | 1.0.400 | 44.00 | OK | |||
r-oldrel-macos-x86_64 | 1.0.400 | 52.00 | OK | |||
r-oldrel-windows-ix86+x86_64 | 1.0.400 | 29.00 | 109.00 | 138.00 | OK |
Version: 1.0.400
Check: package dependencies
Result: ERROR
Package required but not available: ‘scrypt’
See section ‘The DESCRIPTION file’ in the ‘Writing R Extensions’
manual.
Flavor: r-release-macos-x86_64