CRAN Package Check Results for Package shinyPredict

Last updated on 2022-05-15 01:52:31 CEST.

Flavor Version Tinstall Tcheck Ttotal Status Flags
r-devel-linux-x86_64-debian-clang 0.1.1 2.17 29.86 32.03 NOTE
r-devel-linux-x86_64-debian-gcc 0.1.1 1.58 23.20 24.78 NOTE
r-devel-linux-x86_64-fedora-clang 0.1.1 38.58 NOTE
r-devel-linux-x86_64-fedora-gcc 0.1.1 37.36 NOTE
r-devel-windows-x86_64 0.1.1 14.00 45.00 59.00 NOTE
r-patched-linux-x86_64 0.1.1 1.87 28.97 30.84 NOTE
r-release-linux-x86_64 0.1.1 1.28 28.56 29.84 NOTE
r-release-macos-arm64 0.1.1 16.00 NOTE
r-release-macos-x86_64 0.1.1 20.00 NOTE
r-release-windows-x86_64 0.1.1 12.00 44.00 56.00 NOTE
r-oldrel-macos-arm64 0.1.1 18.00 NOTE
r-oldrel-macos-x86_64 0.1.1 23.00 NOTE
r-oldrel-windows-ix86+x86_64 0.1.1 5.00 37.00 42.00 NOTE

Check Details

Version: 0.1.1
Check: LazyData
Result: NOTE
     'LazyData' is specified without a 'data' directory
Flavors: r-devel-linux-x86_64-debian-clang, r-devel-linux-x86_64-debian-gcc, r-devel-linux-x86_64-fedora-clang, r-devel-linux-x86_64-fedora-gcc, r-devel-windows-x86_64, r-patched-linux-x86_64, r-release-linux-x86_64, r-release-macos-arm64, r-release-macos-x86_64, r-release-windows-x86_64, r-oldrel-macos-arm64, r-oldrel-macos-x86_64, r-oldrel-windows-ix86+x86_64