Last updated on 2022-05-15 01:52:30 CEST.
Flavor | Version | Tinstall | Tcheck | Ttotal | Status | Flags |
---|---|---|---|---|---|---|
r-devel-linux-x86_64-debian-clang | 1.1.1 | 43.65 | 49.64 | 93.29 | OK | |
r-devel-linux-x86_64-debian-gcc | 1.1.1 | 38.71 | 38.10 | 76.81 | OK | |
r-devel-linux-x86_64-fedora-clang | 1.1.1 | 139.87 | OK | |||
r-devel-linux-x86_64-fedora-gcc | 1.1.1 | 123.82 | OK | |||
r-devel-windows-x86_64 | 1.1.1 | 45.00 | 87.00 | 132.00 | OK | |
r-patched-linux-x86_64 | 1.1.1 | 43.58 | 48.35 | 91.93 | OK | |
r-release-linux-x86_64 | 1.1.1 | 39.73 | 47.98 | 87.71 | OK | |
r-release-macos-arm64 | 1.1.1 | 34.00 | OK | |||
r-release-macos-x86_64 | 1.1.1 | 58.00 | OK | |||
r-release-windows-x86_64 | 1.1.1 | 63.00 | 96.00 | 159.00 | OK | |
r-oldrel-macos-arm64 | 1.1.1 | 39.00 | NOTE | |||
r-oldrel-macos-x86_64 | 1.1.1 | 54.00 | OK | |||
r-oldrel-windows-ix86+x86_64 | 1.1.1 | 110.00 | 99.00 | 209.00 | OK |
Version: 1.1.1
Check: installed package size
Result: NOTE
installed size is 5.7Mb
sub-directories of 1Mb or more:
libs 4.9Mb
Flavor: r-oldrel-macos-arm64