CRAN Package Check Results for Package sfheaders

Last updated on 2022-05-15 01:52:30 CEST.

Flavor Version Tinstall Tcheck Ttotal Status Flags
r-devel-linux-x86_64-debian-clang 0.4.0 130.02 55.77 185.79 NOTE
r-devel-linux-x86_64-debian-gcc 0.4.0 118.43 42.58 161.01 NOTE
r-devel-linux-x86_64-fedora-clang 0.4.0 281.02 NOTE
r-devel-linux-x86_64-fedora-gcc 0.4.0 265.86 NOTE
r-devel-windows-x86_64 0.4.0 220.00 101.00 321.00 NOTE
r-patched-linux-x86_64 0.4.0 117.54 54.45 171.99 NOTE
r-release-linux-x86_64 0.4.0 127.60 54.89 182.49 NOTE
r-release-macos-arm64 0.4.0 59.00 NOTE
r-release-macos-x86_64 0.4.0 84.00 NOTE
r-release-windows-x86_64 0.4.0 207.00 106.00 313.00 NOTE
r-oldrel-macos-arm64 0.4.0 76.00 NOTE
r-oldrel-macos-x86_64 0.4.0 127.00 NOTE
r-oldrel-windows-ix86+x86_64 0.4.0 302.00 116.00 418.00 NOTE

Check Details

Version: 0.4.0
Check: LazyData
Result: NOTE
     'LazyData' is specified without a 'data' directory
Flavors: r-devel-linux-x86_64-debian-clang, r-devel-linux-x86_64-debian-gcc, r-devel-linux-x86_64-fedora-clang, r-devel-linux-x86_64-fedora-gcc, r-devel-windows-x86_64, r-patched-linux-x86_64, r-release-linux-x86_64, r-release-macos-arm64, r-release-macos-x86_64, r-release-windows-x86_64, r-oldrel-macos-arm64, r-oldrel-macos-x86_64, r-oldrel-windows-ix86+x86_64

Version: 0.4.0
Check: installed package size
Result: NOTE
     installed size is 7.9Mb
     sub-directories of 1Mb or more:
     libs 7.3Mb
Flavors: r-devel-linux-x86_64-fedora-clang, r-release-macos-arm64, r-release-macos-x86_64, r-oldrel-macos-arm64, r-oldrel-macos-x86_64

Version: 0.4.0
Check: dependencies in R code
Result: NOTE
    Namespace in Imports field not imported from: ‘geometries’
     All declared Imports should be used.
Flavors: r-devel-linux-x86_64-fedora-clang, r-devel-linux-x86_64-fedora-gcc, r-release-macos-arm64, r-release-macos-x86_64, r-oldrel-macos-arm64, r-oldrel-macos-x86_64