Last updated on 2022-05-15 01:52:30 CEST.
Flavor | Version | Tinstall | Tcheck | Ttotal | Status | Flags |
---|---|---|---|---|---|---|
r-devel-linux-x86_64-debian-clang | 0.8.5 | 23.42 | 269.11 | 292.53 | OK | |
r-devel-linux-x86_64-debian-gcc | 0.8.5 | 18.81 | 193.48 | 212.29 | OK | |
r-devel-linux-x86_64-fedora-clang | 0.8.5 | 349.32 | OK | |||
r-devel-linux-x86_64-fedora-gcc | 0.8.5 | 363.96 | OK | |||
r-devel-windows-x86_64 | 0.8.5 | 80.00 | 294.00 | 374.00 | OK | |
r-patched-linux-x86_64 | 0.8.5 | 23.39 | 251.20 | 274.59 | OK | |
r-release-linux-x86_64 | 0.8.5 | 20.96 | 245.12 | 266.08 | WARN | |
r-release-macos-arm64 | 0.8.5 | 114.00 | OK | |||
r-release-macos-x86_64 | 0.8.5 | 221.00 | OK | |||
r-release-windows-x86_64 | 0.8.5 | 70.00 | 290.00 | 360.00 | OK | |
r-oldrel-macos-arm64 | 0.8.5 | 118.00 | OK | |||
r-oldrel-macos-x86_64 | 0.8.5 | 174.00 | OK | |||
r-oldrel-windows-ix86+x86_64 | 0.8.5 | 46.00 | 261.00 | 307.00 | OK |
Version: 0.8.5
Check: package dependencies
Result: WARN
Requires orphaned package: ‘geiger’
Flavor: r-release-linux-x86_64