Last updated on 2022-05-15 01:52:30 CEST.
Flavor | Version | Tinstall | Tcheck | Ttotal | Status | Flags |
---|---|---|---|---|---|---|
r-devel-linux-x86_64-debian-clang | 1.2-1 | 2.37 | 31.05 | 33.42 | NOTE | |
r-devel-linux-x86_64-debian-gcc | 1.2-1 | 1.64 | 24.12 | 25.76 | NOTE | |
r-devel-linux-x86_64-fedora-clang | 1.2-1 | 41.63 | NOTE | |||
r-devel-linux-x86_64-fedora-gcc | 1.2-1 | 39.72 | NOTE | |||
r-devel-windows-x86_64 | 1.2-1 | 19.00 | 49.00 | 68.00 | NOTE | |
r-patched-linux-x86_64 | 1.2-1 | 2.46 | 30.87 | 33.33 | NOTE | |
r-release-linux-x86_64 | 1.2-1 | 2.06 | 30.69 | 32.75 | NOTE | |
r-release-macos-arm64 | 1.2-1 | 21.00 | NOTE | |||
r-release-macos-x86_64 | 1.2-1 | 21.00 | NOTE | |||
r-release-windows-x86_64 | 1.2-1 | 6.00 | 47.00 | 53.00 | NOTE | |
r-oldrel-macos-arm64 | 1.2-1 | 21.00 | NOTE | |||
r-oldrel-macos-x86_64 | 1.2-1 | 26.00 | NOTE | |||
r-oldrel-windows-ix86+x86_64 | 1.2-1 | 5.00 | 29.00 | 34.00 | NOTE |
Version: 1.2-1
Check: R code for possible problems
Result: NOTE
.plot_attachment: no visible global function definition for 'dev.off'
.update_list: no visible global function definition for 'modifyList'
mime_part.data.frame: no visible global function definition for
'write.table'
mime_part.ggplot: no visible binding for global variable 'pdf'
mime_part.matrix: no visible global function definition for
'write.table'
mime_part.trellis: no visible binding for global variable 'pdf'
Undefined global functions or variables:
dev.off modifyList pdf write.table
Consider adding
importFrom("grDevices", "dev.off", "pdf")
importFrom("utils", "modifyList", "write.table")
to your NAMESPACE file.
Flavors: r-devel-linux-x86_64-debian-clang, r-devel-linux-x86_64-debian-gcc, r-devel-linux-x86_64-fedora-clang, r-devel-linux-x86_64-fedora-gcc, r-devel-windows-x86_64, r-patched-linux-x86_64, r-release-linux-x86_64, r-release-macos-arm64, r-release-macos-x86_64, r-release-windows-x86_64, r-oldrel-macos-arm64, r-oldrel-macos-x86_64, r-oldrel-windows-ix86+x86_64
Version: 1.2-1
Check: LazyData
Result: NOTE
'LazyData' is specified without a 'data' directory
Flavors: r-devel-linux-x86_64-debian-clang, r-devel-linux-x86_64-debian-gcc, r-devel-linux-x86_64-fedora-clang, r-devel-linux-x86_64-fedora-gcc, r-devel-windows-x86_64, r-patched-linux-x86_64, r-release-linux-x86_64, r-release-macos-arm64, r-release-macos-x86_64, r-release-windows-x86_64, r-oldrel-macos-arm64, r-oldrel-macos-x86_64, r-oldrel-windows-ix86+x86_64