Last updated on 2022-05-15 01:52:30 CEST.
Flavor | Version | Tinstall | Tcheck | Ttotal | Status | Flags |
---|---|---|---|---|---|---|
r-devel-linux-x86_64-debian-clang | 0.32.2 | 86.62 | 155.86 | 242.48 | WARN | |
r-devel-linux-x86_64-debian-gcc | 0.32.2 | 75.24 | 109.55 | 184.79 | OK | |
r-devel-linux-x86_64-fedora-clang | 0.32.2 | 309.26 | WARN | |||
r-devel-linux-x86_64-fedora-gcc | 0.32.2 | 280.63 | NOTE | |||
r-devel-windows-x86_64 | 0.32.2 | 292.00 | 200.00 | 492.00 | OK | |
r-patched-linux-x86_64 | 0.32.2 | 51.02 | 135.73 | 186.75 | OK | |
r-release-linux-x86_64 | 0.32.2 | 52.34 | 136.70 | 189.04 | OK | |
r-release-macos-arm64 | 0.32.2 | 80.00 | NOTE | |||
r-release-macos-x86_64 | 0.32.2 | 112.00 | NOTE | |||
r-release-windows-x86_64 | 0.32.2 | 297.00 | 205.00 | 502.00 | OK | |
r-oldrel-macos-arm64 | 0.32.2 | 65.00 | NOTE | |||
r-oldrel-macos-x86_64 | 0.32.2 | 94.00 | NOTE | |||
r-oldrel-windows-ix86+x86_64 | 0.32.2 | 185.00 | 202.00 | 387.00 | NOTE |
Version: 0.32.2
Check: whether package can be installed
Result: WARN
Found the following significant warnings:
suppMultDimTable.cpp:154:23: warning: use of bitwise '&' with boolean operands [-Wbitwise-instead-of-logical]
Flavors: r-devel-linux-x86_64-debian-clang, r-devel-linux-x86_64-fedora-clang
Version: 0.32.2
Check: dependencies in R code
Result: NOTE
Namespace in Imports field not imported from: 'lpSolveAPI'
All declared Imports should be used.
Flavors: r-devel-linux-x86_64-fedora-clang, r-devel-linux-x86_64-fedora-gcc, r-release-macos-arm64, r-release-macos-x86_64, r-oldrel-macos-arm64, r-oldrel-macos-x86_64
Version: 0.32.2
Check: Rd cross-references
Result: NOTE
Undeclared package ‘RegSDC’ in Rd xrefs
Flavor: r-devel-linux-x86_64-fedora-clang
Version: 0.32.2
Check: installed package size
Result: NOTE
installed size is 7.7Mb
sub-directories of 1Mb or more:
R 2.0Mb
libs 5.4Mb
Flavors: r-release-macos-arm64, r-release-macos-x86_64, r-oldrel-macos-arm64, r-oldrel-macos-x86_64, r-oldrel-windows-ix86+x86_64