Last updated on 2022-05-15 01:52:30 CEST.
Flavor | Version | Tinstall | Tcheck | Ttotal | Status | Flags |
---|---|---|---|---|---|---|
r-devel-linux-x86_64-debian-clang | 0.5.0 | 125.89 | 181.71 | 307.60 | OK | |
r-devel-linux-x86_64-debian-gcc | 0.5.0 | 100.18 | 133.52 | 233.70 | OK | |
r-devel-linux-x86_64-fedora-clang | 0.5.0 | 402.16 | NOTE | |||
r-devel-linux-x86_64-fedora-gcc | 0.5.0 | 381.50 | OK | |||
r-devel-windows-x86_64 | 0.5.0 | 131.00 | 220.00 | 351.00 | NOTE | |
r-patched-linux-x86_64 | 0.5.0 | 83.00 | 169.30 | 252.30 | OK | |
r-release-linux-x86_64 | 0.5.0 | 82.28 | 167.26 | 249.54 | OK | |
r-release-macos-arm64 | 0.5.0 | 101.00 | NOTE | |||
r-release-macos-x86_64 | 0.5.0 | 177.00 | NOTE | |||
r-release-windows-x86_64 | 0.5.0 | 109.00 | 228.00 | 337.00 | NOTE | |
r-oldrel-macos-arm64 | 0.5.0 | 154.00 | NOTE | |||
r-oldrel-macos-x86_64 | 0.5.0 | 171.00 | NOTE | |||
r-oldrel-windows-ix86+x86_64 | 0.5.0 | 290.00 | 272.00 | 562.00 | NOTE |
Version: 0.5.0
Check: installed package size
Result: NOTE
installed size is 7.4Mb
sub-directories of 1Mb or more:
data 3.9Mb
libs 3.1Mb
Flavors: r-devel-linux-x86_64-fedora-clang, r-devel-windows-x86_64, r-release-macos-arm64, r-release-macos-x86_64, r-release-windows-x86_64, r-oldrel-macos-arm64, r-oldrel-macos-x86_64, r-oldrel-windows-ix86+x86_64