Last updated on 2022-05-15 01:52:30 CEST.
Flavor | Version | Tinstall | Tcheck | Ttotal | Status | Flags |
---|---|---|---|---|---|---|
r-devel-linux-x86_64-debian-clang | 2.0.0 | 169.87 | 12.44 | 182.31 | ERROR | |
r-devel-linux-x86_64-debian-gcc | 2.0.0 | 150.17 | 326.27 | 476.44 | OK | |
r-devel-linux-x86_64-fedora-clang | 2.0.0 | 776.79 | NOTE | |||
r-devel-linux-x86_64-fedora-gcc | 2.0.0 | 759.58 | OK | |||
r-devel-windows-x86_64 | 2.0.0 | 155.00 | 466.00 | 621.00 | NOTE | |
r-patched-linux-x86_64 | 2.0.0 | 173.49 | 418.46 | 591.95 | OK | |
r-release-linux-x86_64 | 2.0.0 | 171.83 | 418.51 | 590.34 | OK | |
r-release-macos-arm64 | 2.0.0 | 196.00 | NOTE | |||
r-release-macos-x86_64 | 2.0.0 | 244.00 | NOTE | |||
r-release-windows-x86_64 | 2.0.0 | 161.00 | 479.00 | 640.00 | NOTE | |
r-oldrel-macos-arm64 | 2.0.0 | 226.00 | NOTE | |||
r-oldrel-macos-x86_64 | 2.0.0 | 267.00 | NOTE | |||
r-oldrel-windows-ix86+x86_64 | 2.0.0 | 385.00 | 720.00 | 1105.00 | NOTE |
Version: 2.0.0
Check: whether package can be installed
Result: ERROR
Installation failed.
Flavor: r-devel-linux-x86_64-debian-clang
Version: 2.0.0
Check: installed package size
Result: NOTE
installed size is 16.2Mb
sub-directories of 1Mb or more:
doc 3.1Mb
libs 12.2Mb
Flavors: r-devel-linux-x86_64-fedora-clang, r-devel-windows-x86_64, r-release-macos-arm64, r-release-macos-x86_64, r-release-windows-x86_64, r-oldrel-macos-arm64, r-oldrel-macos-x86_64, r-oldrel-windows-ix86+x86_64