Last updated on 2022-05-15 01:52:32 CEST.
Flavor | Version | Tinstall | Tcheck | Ttotal | Status | Flags |
---|---|---|---|---|---|---|
r-devel-linux-x86_64-debian-clang | 1.0.0 | 9.41 | 76.09 | 85.50 | NOTE | |
r-devel-linux-x86_64-debian-gcc | 1.0.0 | 6.47 | 59.51 | 65.98 | NOTE | |
r-devel-linux-x86_64-fedora-clang | 1.0.0 | 101.92 | NOTE | |||
r-devel-linux-x86_64-fedora-gcc | 1.0.0 | 99.78 | NOTE | |||
r-devel-windows-x86_64 | 1.0.0 | 11.00 | 93.00 | 104.00 | NOTE | |
r-patched-linux-x86_64 | 1.0.0 | 7.90 | 72.30 | 80.20 | NOTE | |
r-release-linux-x86_64 | 1.0.0 | 6.36 | 74.49 | 80.85 | NOTE | |
r-release-macos-arm64 | 1.0.0 | 31.00 | NOTE | |||
r-release-macos-x86_64 | 1.0.0 | 42.00 | NOTE | |||
r-release-windows-x86_64 | 1.0.0 | 12.00 | 95.00 | 107.00 | NOTE | |
r-oldrel-macos-arm64 | 1.0.0 | 37.00 | NOTE | |||
r-oldrel-macos-x86_64 | 1.0.0 | 60.00 | NOTE | |||
r-oldrel-windows-ix86+x86_64 | 1.0.0 | 17.00 | 84.00 | 101.00 | NOTE |
Version: 1.0.0
Check: LazyData
Result: NOTE
'LazyData' is specified without a 'data' directory
Flavors: r-devel-linux-x86_64-debian-clang, r-devel-linux-x86_64-debian-gcc, r-devel-linux-x86_64-fedora-clang, r-devel-linux-x86_64-fedora-gcc, r-devel-windows-x86_64, r-patched-linux-x86_64, r-release-linux-x86_64, r-release-macos-arm64, r-release-macos-x86_64, r-release-windows-x86_64, r-oldrel-macos-arm64, r-oldrel-macos-x86_64, r-oldrel-windows-ix86+x86_64