CRAN Package Check Results for Package rwhatsapp

Last updated on 2022-05-15 01:52:30 CEST.

Flavor Version Tinstall Tcheck Ttotal Status Flags
r-devel-linux-x86_64-debian-clang 0.2.4 4.69 53.59 58.28 OK
r-devel-linux-x86_64-debian-gcc 0.2.4 3.87 41.07 44.94 OK
r-devel-linux-x86_64-fedora-clang 0.2.4 69.97 NOTE
r-devel-linux-x86_64-fedora-gcc 0.2.4 67.30 NOTE
r-devel-windows-x86_64 0.2.4 18.00 72.00 90.00 OK
r-patched-linux-x86_64 0.2.4 4.26 51.46 55.72 OK
r-release-linux-x86_64 0.2.4 3.46 51.25 54.71 OK
r-release-macos-arm64 0.2.4 23.00 NOTE
r-release-macos-x86_64 0.2.4 33.00 NOTE
r-release-windows-x86_64 0.2.4 18.00 75.00 93.00 OK
r-oldrel-macos-arm64 0.2.4 22.00 NOTE
r-oldrel-macos-x86_64 0.2.4 31.00 NOTE
r-oldrel-windows-ix86+x86_64 0.2.4 11.00 62.00 73.00 OK

Check Details

Version: 0.2.4
Check: data for non-ASCII characters
Result: NOTE
     Note: found 4250 marked UTF-8 strings
Flavors: r-devel-linux-x86_64-fedora-clang, r-devel-linux-x86_64-fedora-gcc, r-release-macos-arm64, r-release-macos-x86_64, r-oldrel-macos-arm64, r-oldrel-macos-x86_64