Last updated on 2022-05-15 01:52:30 CEST.
Flavor | Version | Tinstall | Tcheck | Ttotal | Status | Flags |
---|---|---|---|---|---|---|
r-devel-linux-x86_64-debian-clang | 0.7.0 | 13.24 | 79.35 | 92.59 | OK | |
r-devel-linux-x86_64-debian-gcc | 0.7.0 | 9.85 | 60.23 | 70.08 | OK | |
r-devel-linux-x86_64-fedora-clang | 0.7.0 | 110.47 | NOTE | |||
r-devel-linux-x86_64-fedora-gcc | 0.7.0 | 112.70 | NOTE | |||
r-devel-windows-x86_64 | 0.7.0 | 58.00 | 106.00 | 164.00 | OK | |
r-patched-linux-x86_64 | 0.7.0 | 12.90 | 75.38 | 88.28 | OK | |
r-release-linux-x86_64 | 0.7.0 | 10.07 | 76.10 | 86.17 | OK | |
r-release-macos-arm64 | 0.7.0 | 29.00 | NOTE | |||
r-release-macos-x86_64 | 0.7.0 | 47.00 | NOTE | |||
r-release-windows-x86_64 | 0.7.0 | 82.00 | 110.00 | 192.00 | OK | |
r-oldrel-macos-arm64 | 0.7.0 | 36.00 | NOTE | |||
r-oldrel-macos-x86_64 | 0.7.0 | 59.00 | NOTE | |||
r-oldrel-windows-ix86+x86_64 | 0.7.0 | 21.00 | 89.00 | 110.00 | OK |
Version: 0.7.0
Check: dependencies in R code
Result: NOTE
Namespace in Imports field not imported from: ‘Rcpp’
All declared Imports should be used.
Flavors: r-devel-linux-x86_64-fedora-clang, r-devel-linux-x86_64-fedora-gcc, r-release-macos-arm64, r-release-macos-x86_64, r-oldrel-macos-arm64, r-oldrel-macos-x86_64
Version: 0.7.0
Check: data for non-ASCII characters
Result: NOTE
Note: found 113868 marked UTF-8 strings
Flavors: r-devel-linux-x86_64-fedora-clang, r-devel-linux-x86_64-fedora-gcc, r-release-macos-arm64, r-release-macos-x86_64, r-oldrel-macos-arm64, r-oldrel-macos-x86_64