CRAN Package Check Results for Package rtemps

Last updated on 2022-05-15 01:52:30 CEST.

Flavor Version Tinstall Tcheck Ttotal Status Flags
r-devel-linux-x86_64-debian-clang 0.8.0 2.35 31.60 33.95 NOTE
r-devel-linux-x86_64-debian-gcc 0.8.0 1.42 24.79 26.21 NOTE
r-devel-linux-x86_64-fedora-clang 0.8.0 40.81 NOTE
r-devel-linux-x86_64-fedora-gcc 0.8.0 39.68 NOTE
r-devel-windows-x86_64 0.8.0 37.00 58.00 95.00 NOTE
r-patched-linux-x86_64 0.8.0 2.34 30.71 33.05 NOTE
r-release-linux-x86_64 0.8.0 2.16 30.28 32.44 NOTE
r-release-macos-arm64 0.8.0 16.00 NOTE
r-release-macos-x86_64 0.8.0 27.00 NOTE
r-release-windows-x86_64 0.8.0 32.00 55.00 87.00 NOTE
r-oldrel-macos-arm64 0.8.0 20.00 NOTE
r-oldrel-macos-x86_64 0.8.0 23.00 NOTE
r-oldrel-windows-ix86+x86_64 0.8.0 7.00 42.00 49.00 NOTE

Check Details

Version: 0.8.0
Check: LazyData
Result: NOTE
     'LazyData' is specified without a 'data' directory
Flavors: r-devel-linux-x86_64-debian-clang, r-devel-linux-x86_64-debian-gcc, r-devel-linux-x86_64-fedora-clang, r-devel-linux-x86_64-fedora-gcc, r-devel-windows-x86_64, r-patched-linux-x86_64, r-release-linux-x86_64, r-release-macos-arm64, r-release-macos-x86_64, r-release-windows-x86_64, r-oldrel-macos-arm64, r-oldrel-macos-x86_64, r-oldrel-windows-ix86+x86_64