Last updated on 2022-05-15 01:52:30 CEST.
Flavor | Version | Tinstall | Tcheck | Ttotal | Status | Flags |
---|---|---|---|---|---|---|
r-devel-linux-x86_64-debian-clang | 2.3.1 | 3.05 | 41.23 | 44.28 | OK | |
r-devel-linux-x86_64-debian-gcc | 2.3.1 | 2.27 | 30.96 | 33.23 | OK | |
r-devel-linux-x86_64-fedora-clang | 2.3.1 | 55.15 | OK | |||
r-devel-linux-x86_64-fedora-gcc | 2.3.1 | 52.95 | OK | |||
r-devel-windows-x86_64 | 2.3.1 | 212.00 | 196.00 | 408.00 | NOTE | |
r-patched-linux-x86_64 | 2.3.1 | 3.18 | 39.48 | 42.66 | OK | |
r-release-linux-x86_64 | 2.3.1 | 2.96 | 38.86 | 41.82 | OK | |
r-release-macos-arm64 | 2.3.1 | 54.00 | NOTE | |||
r-release-macos-x86_64 | 2.3.1 | 73.00 | NOTE | |||
r-release-windows-x86_64 | 2.3.1 | 273.00 | 200.00 | 473.00 | NOTE | |
r-oldrel-macos-arm64 | 2.3.1 | 54.00 | NOTE | |||
r-oldrel-macos-x86_64 | 2.3.1 | 120.00 | NOTE | |||
r-oldrel-windows-ix86+x86_64 | 2.3.1 | 41.00 | 209.00 | 250.00 | NOTE |
Version: 2.3.1
Check: installed package size
Result: NOTE
installed size is 15.2Mb
sub-directories of 1Mb or more:
libs 14.9Mb
Flavors: r-devel-windows-x86_64, r-release-macos-arm64, r-release-macos-x86_64, r-release-windows-x86_64, r-oldrel-macos-arm64, r-oldrel-macos-x86_64, r-oldrel-windows-ix86+x86_64