CRAN Package Check Results for Package rpms

Last updated on 2022-05-15 01:52:29 CEST.

Flavor Version Tinstall Tcheck Ttotal Status Flags
r-devel-linux-x86_64-debian-clang 0.5.1 81.20 64.78 145.98 OK
r-devel-linux-x86_64-debian-gcc 0.5.1 71.68 50.59 122.27 OK
r-devel-linux-x86_64-fedora-clang 0.5.1 208.85 NOTE
r-devel-linux-x86_64-fedora-gcc 0.5.1 195.41 OK
r-devel-windows-x86_64 0.5.1 83.00 107.00 190.00 NOTE
r-patched-linux-x86_64 0.5.1 73.75 63.36 137.11 OK
r-release-linux-x86_64 0.5.1 69.63 63.10 132.73 OK
r-release-macos-arm64 0.5.1 53.00 NOTE
r-release-macos-x86_64 0.5.1 67.00 NOTE
r-release-windows-x86_64 0.5.1 79.00 107.00 186.00 NOTE
r-oldrel-macos-arm64 0.5.1 59.00 NOTE
r-oldrel-macos-x86_64 0.5.1 68.00 NOTE
r-oldrel-windows-ix86+x86_64 0.5.1 201.00 131.00 332.00 NOTE

Check Details

Version: 0.5.1
Check: installed package size
Result: NOTE
     installed size is 8.2Mb
     sub-directories of 1Mb or more:
     data 2.4Mb
     libs 4.2Mb
Flavors: r-devel-linux-x86_64-fedora-clang, r-devel-windows-x86_64, r-release-macos-arm64, r-release-macos-x86_64, r-release-windows-x86_64, r-oldrel-macos-arm64, r-oldrel-macos-x86_64, r-oldrel-windows-ix86+x86_64