CRAN Package Check Results for Package rosm

Last updated on 2022-05-15 01:52:29 CEST.

Flavor Version Tinstall Tcheck Ttotal Status Flags
r-devel-linux-x86_64-debian-clang 0.2.5 3.69 56.58 60.27 NOTE
r-devel-linux-x86_64-debian-gcc 0.2.5 2.38 43.52 45.90 NOTE
r-devel-linux-x86_64-fedora-clang 0.2.5 72.07 NOTE
r-devel-linux-x86_64-fedora-gcc 0.2.5 70.31 NOTE
r-devel-windows-x86_64 0.2.5 60.00 76.00 136.00 NOTE
r-patched-linux-x86_64 0.2.5 3.05 54.77 57.82 NOTE
r-release-linux-x86_64 0.2.5 4.15 54.64 58.79 NOTE
r-release-macos-arm64 0.2.5 26.00 NOTE
r-release-macos-x86_64 0.2.5 45.00 NOTE
r-release-windows-x86_64 0.2.5 31.00 80.00 111.00 NOTE
r-oldrel-macos-arm64 0.2.5 30.00 NOTE
r-oldrel-macos-x86_64 0.2.5 38.00 NOTE
r-oldrel-windows-ix86+x86_64 0.2.5 9.00 69.00 78.00 NOTE

Check Details

Version: 0.2.5
Check: LazyData
Result: NOTE
     'LazyData' is specified without a 'data' directory
Flavors: r-devel-linux-x86_64-debian-clang, r-devel-linux-x86_64-debian-gcc, r-devel-linux-x86_64-fedora-clang, r-devel-linux-x86_64-fedora-gcc, r-devel-windows-x86_64, r-patched-linux-x86_64, r-release-linux-x86_64, r-release-macos-arm64, r-release-macos-x86_64, r-release-windows-x86_64, r-oldrel-macos-arm64, r-oldrel-macos-x86_64, r-oldrel-windows-ix86+x86_64