CRAN Package Check Results for Package rnaturalearthdata

Last updated on 2022-05-15 01:52:29 CEST.

Flavor Version Tinstall Tcheck Ttotal Status Flags
r-devel-linux-x86_64-debian-clang 0.1.0 9.45 42.29 51.74 OK
r-devel-linux-x86_64-debian-gcc 0.1.0 6.50 32.80 39.30 OK
r-devel-linux-x86_64-fedora-clang 0.1.0 63.82 NOTE
r-devel-linux-x86_64-fedora-gcc 0.1.0 62.50 NOTE
r-devel-windows-x86_64 0.1.0 48.00 64.00 112.00 OK
r-patched-linux-x86_64 0.1.0 8.75 40.60 49.35 OK
r-release-linux-x86_64 0.1.0 9.46 40.97 50.43 OK
r-release-macos-arm64 0.1.0 24.00 NOTE
r-release-macos-x86_64 0.1.0 30.00 NOTE
r-release-windows-x86_64 0.1.0 39.00 64.00 103.00 OK
r-oldrel-macos-arm64 0.1.0 27.00 NOTE
r-oldrel-macos-x86_64 0.1.0 39.00 NOTE
r-oldrel-windows-ix86+x86_64 0.1.0 15.00 57.00 72.00 OK

Check Details

Version: 0.1.0
Check: data for non-ASCII characters
Result: NOTE
     Note: found 133 marked Latin-1 strings
Flavors: r-devel-linux-x86_64-fedora-clang, r-devel-linux-x86_64-fedora-gcc, r-release-macos-arm64, r-release-macos-x86_64, r-oldrel-macos-arm64, r-oldrel-macos-x86_64