Last updated on 2022-05-15 01:52:29 CEST.
Flavor | Version | Tinstall | Tcheck | Ttotal | Status | Flags |
---|---|---|---|---|---|---|
r-devel-linux-x86_64-debian-clang | 0.1.13 | 1199.84 | 206.28 | 1406.12 | NOTE | |
r-devel-linux-x86_64-debian-gcc | 0.1.13 | 1183.43 | 202.79 | 1386.22 | NOTE | |
r-devel-linux-x86_64-fedora-clang | 0.1.13 | 2045.04 | NOTE | |||
r-devel-linux-x86_64-fedora-gcc | 0.1.13 | 2250.75 | NOTE | |||
r-devel-windows-x86_64 | 0.1.13 | 810.00 | 324.00 | 1134.00 | NOTE | |
r-patched-linux-x86_64 | 0.1.13 | 1007.76 | 262.44 | 1270.20 | NOTE | |
r-release-linux-x86_64 | 0.1.13 | 989.30 | 266.47 | 1255.77 | NOTE | |
r-release-macos-arm64 | 0.1.13 | 486.00 | NOTE | |||
r-release-macos-x86_64 | 0.1.13 | 791.00 | NOTE | |||
r-release-windows-x86_64 | 0.1.13 | 797.00 | 342.00 | 1139.00 | NOTE | |
r-oldrel-macos-arm64 | 0.1.13 | 463.00 | NOTE | |||
r-oldrel-macos-x86_64 | 0.1.13 | 577.00 | NOTE | |||
r-oldrel-windows-ix86+x86_64 | 0.1.13 | 452.00 | 9.00 | 461.00 | ERROR |
Version: 0.1.13
Check: for GNU extensions in Makefiles
Result: NOTE
GNU make is a SystemRequirements.
Flavors: r-devel-linux-x86_64-debian-clang, r-devel-linux-x86_64-debian-gcc, r-devel-linux-x86_64-fedora-clang, r-devel-linux-x86_64-fedora-gcc, r-devel-windows-x86_64, r-patched-linux-x86_64, r-release-linux-x86_64, r-release-macos-arm64, r-release-macos-x86_64, r-release-windows-x86_64, r-oldrel-macos-arm64, r-oldrel-macos-x86_64
Version: 0.1.13
Check: installed package size
Result: NOTE
installed size is 108.4Mb
sub-directories of 1Mb or more:
libs 108.0Mb
Flavors: r-devel-linux-x86_64-fedora-clang, r-devel-windows-x86_64, r-release-macos-arm64, r-release-macos-x86_64, r-release-windows-x86_64, r-oldrel-macos-arm64, r-oldrel-macos-x86_64
Version: 0.1.13
Check: dependencies in R code
Result: NOTE
Namespaces in Imports field not imported from:
‘RcppParallel’ ‘rstantools’
All declared Imports should be used.
Flavors: r-devel-linux-x86_64-fedora-clang, r-devel-linux-x86_64-fedora-gcc, r-release-macos-arm64, r-release-macos-x86_64, r-oldrel-macos-arm64, r-oldrel-macos-x86_64
Version: 0.1.13
Check: whether package can be installed
Result: ERROR
Installation failed.
Flavor: r-oldrel-windows-ix86+x86_64