Last updated on 2022-05-15 01:52:29 CEST.
Flavor | Version | Tinstall | Tcheck | Ttotal | Status | Flags |
---|---|---|---|---|---|---|
r-devel-linux-x86_64-debian-clang | 1.0.4 | 8.80 | 78.21 | 87.01 | NOTE | |
r-devel-linux-x86_64-debian-gcc | 1.0.4 | 6.55 | 60.79 | 67.34 | NOTE | |
r-devel-linux-x86_64-fedora-clang | 1.0.4 | 104.01 | NOTE | |||
r-devel-linux-x86_64-fedora-gcc | 1.0.4 | 101.34 | NOTE | |||
r-devel-windows-x86_64 | 1.0.4 | 24.00 | 89.00 | 113.00 | NOTE | |
r-patched-linux-x86_64 | 1.0.4 | 6.00 | 76.39 | 82.39 | NOTE | |
r-release-linux-x86_64 | 1.0.4 | 8.22 | 76.87 | 85.09 | NOTE | |
r-release-macos-arm64 | 1.0.4 | 30.00 | NOTE | |||
r-release-macos-x86_64 | 1.0.4 | 44.00 | NOTE | |||
r-release-windows-x86_64 | 1.0.4 | 29.00 | 91.00 | 120.00 | NOTE | |
r-oldrel-macos-arm64 | 1.0.4 | 37.00 | NOTE | |||
r-oldrel-macos-x86_64 | 1.0.4 | 54.00 | NOTE | |||
r-oldrel-windows-ix86+x86_64 | 1.0.4 | 17.00 | 87.00 | 104.00 | NOTE |
Version: 1.0.4
Check: R code for possible problems
Result: NOTE
KM.plot: no visible global function definition for 'lines'
SchoenSmooth: no visible global function definition for 'lm'
llCoxReg: no visible binding for global variable 'time'
risksetAUC: no visible global function definition for 'abline'
risksetROC: no visible global function definition for 'abline'
weightedKM: no visible binding for global variable 'time'
Undefined global functions or variables:
abline lines lm time
Consider adding
importFrom("graphics", "abline", "lines")
importFrom("stats", "lm", "time")
to your NAMESPACE file.
Flavors: r-devel-linux-x86_64-debian-clang, r-devel-linux-x86_64-debian-gcc, r-devel-linux-x86_64-fedora-clang, r-devel-linux-x86_64-fedora-gcc, r-devel-windows-x86_64, r-patched-linux-x86_64, r-release-linux-x86_64, r-release-macos-arm64, r-release-macos-x86_64, r-release-windows-x86_64, r-oldrel-macos-arm64, r-oldrel-macos-x86_64, r-oldrel-windows-ix86+x86_64