Last updated on 2022-05-15 01:52:29 CEST.
Flavor | Version | Tinstall | Tcheck | Ttotal | Status | Flags |
---|---|---|---|---|---|---|
r-devel-linux-x86_64-debian-clang | 0.5-9 | 21.04 | 82.65 | 103.69 | OK | |
r-devel-linux-x86_64-debian-gcc | 0.5-9 | 14.39 | 63.42 | 77.81 | OK | |
r-devel-linux-x86_64-fedora-clang | 0.5-9 | 119.61 | OK | |||
r-devel-linux-x86_64-fedora-gcc | 0.5-9 | 116.61 | OK | |||
r-devel-windows-x86_64 | 0.5-9 | 102.00 | 144.00 | 246.00 | OK | |
r-patched-linux-x86_64 | 0.5-9 | 19.85 | 78.55 | 98.40 | OK | |
r-release-linux-x86_64 | 0.5-9 | 15.39 | 77.02 | 92.41 | OK | |
r-release-macos-arm64 | 0.5-9 | 42.00 | NOTE | |||
r-release-macos-x86_64 | 0.5-9 | 54.00 | OK | |||
r-release-windows-x86_64 | 0.5-9 | 105.00 | 144.00 | 249.00 | OK | |
r-oldrel-macos-arm64 | 0.5-9 | 48.00 | NOTE | |||
r-oldrel-macos-x86_64 | 0.5-9 | 57.00 | NOTE | |||
r-oldrel-windows-ix86+x86_64 | 0.5-9 | 61.00 | 159.00 | 220.00 | NOTE |
Version: 0.5-9
Check: installed package size
Result: NOTE
installed size is 34.3Mb
sub-directories of 1Mb or more:
libs 33.3Mb
Flavors: r-release-macos-arm64, r-oldrel-macos-arm64, r-oldrel-macos-x86_64, r-oldrel-windows-ix86+x86_64