CRAN Package Check Results for Package reverseR

Last updated on 2022-05-15 01:52:29 CEST.

Flavor Version Tinstall Tcheck Ttotal Status Flags
r-devel-linux-x86_64-debian-clang 0.1 5.06 74.33 79.39 NOTE
r-devel-linux-x86_64-debian-gcc 0.1 3.39 56.81 60.20 NOTE
r-devel-linux-x86_64-fedora-clang 0.1 93.60 NOTE
r-devel-linux-x86_64-fedora-gcc 0.1 92.45 NOTE
r-devel-windows-x86_64 0.1 13.00 88.00 101.00 NOTE
r-patched-linux-x86_64 0.1 3.67 70.92 74.59 NOTE
r-release-linux-x86_64 0.1 3.82 71.89 75.71 NOTE
r-release-macos-arm64 0.1 23.00 NOTE
r-release-macos-x86_64 0.1 50.00 NOTE
r-release-windows-x86_64 0.1 20.00 86.00 106.00 NOTE
r-oldrel-macos-arm64 0.1 28.00 NOTE
r-oldrel-macos-x86_64 0.1 44.00 NOTE
r-oldrel-windows-ix86+x86_64 0.1 14.00 88.00 102.00 NOTE

Check Details

Version: 0.1
Check: LazyData
Result: NOTE
     'LazyData' is specified without a 'data' directory
Flavors: r-devel-linux-x86_64-debian-clang, r-devel-linux-x86_64-debian-gcc, r-devel-linux-x86_64-fedora-clang, r-devel-linux-x86_64-fedora-gcc, r-devel-windows-x86_64, r-patched-linux-x86_64, r-release-linux-x86_64, r-release-macos-arm64, r-release-macos-x86_64, r-release-windows-x86_64, r-oldrel-macos-arm64, r-oldrel-macos-x86_64, r-oldrel-windows-ix86+x86_64

Version: 0.1
Check: dependencies in R code
Result: NOTE
    Namespace in Imports field not imported from: ‘DT’
     All declared Imports should be used.
Flavors: r-devel-linux-x86_64-fedora-clang, r-devel-linux-x86_64-fedora-gcc, r-release-macos-arm64, r-release-macos-x86_64, r-oldrel-macos-arm64, r-oldrel-macos-x86_64