Last updated on 2022-05-15 01:52:28 CEST.
Flavor | Version | Tinstall | Tcheck | Ttotal | Status | Flags |
---|---|---|---|---|---|---|
r-devel-linux-x86_64-debian-clang | 1.25 | 36.10 | 139.02 | 175.12 | OK | |
r-devel-linux-x86_64-debian-gcc | 1.25 | 34.79 | 106.25 | 141.04 | OK | |
r-devel-linux-x86_64-fedora-clang | 1.25 | 237.83 | OK | |||
r-devel-linux-x86_64-fedora-gcc | 1.25 | 225.52 | OK | |||
r-devel-windows-x86_64 | 1.25 | 75.00 | 167.00 | 242.00 | OK | |
r-patched-linux-x86_64 | 1.25 | 37.04 | 133.79 | 170.83 | OK | |
r-release-linux-x86_64 | 1.24 | 37.49 | 132.39 | 169.88 | OK | |
r-release-macos-arm64 | 1.25 | 69.00 | NOTE | |||
r-release-macos-x86_64 | 1.25 | 91.00 | NOTE | |||
r-release-windows-x86_64 | 1.25 | 106.00 | 168.00 | 274.00 | OK | |
r-oldrel-macos-arm64 | 1.25 | 70.00 | NOTE | |||
r-oldrel-macos-x86_64 | 1.25 | 104.00 | NOTE | |||
r-oldrel-windows-ix86+x86_64 | 1.25 | 81.00 | 242.00 | 323.00 | OK |
Version: 1.25
Check: installed package size
Result: NOTE
installed size is 5.4Mb
sub-directories of 1Mb or more:
libs 3.2Mb
Flavors: r-release-macos-arm64, r-release-macos-x86_64, r-oldrel-macos-arm64, r-oldrel-macos-x86_64