Last updated on 2022-05-15 01:52:28 CEST.
Flavor | Version | Tinstall | Tcheck | Ttotal | Status | Flags |
---|---|---|---|---|---|---|
r-devel-linux-x86_64-debian-clang | 0.1-2 | 2.46 | 33.06 | 35.52 | NOTE | |
r-devel-linux-x86_64-debian-gcc | 0.1-2 | 1.60 | 25.41 | 27.01 | NOTE | |
r-devel-linux-x86_64-fedora-clang | 0.1-2 | 44.31 | NOTE | |||
r-devel-linux-x86_64-fedora-gcc | 0.1-2 | 41.07 | NOTE | |||
r-devel-windows-x86_64 | 0.1-2 | 11.00 | 48.00 | 59.00 | NOTE | |
r-patched-linux-x86_64 | 0.1-2 | 1.96 | 31.31 | 33.27 | NOTE | |
r-release-linux-x86_64 | 0.1-2 | 1.59 | 31.97 | 33.56 | NOTE | |
r-release-macos-arm64 | 0.1-2 | 15.00 | NOTE | |||
r-release-macos-x86_64 | 0.1-2 | 22.00 | NOTE | |||
r-release-windows-x86_64 | 0.1-2 | 6.00 | 49.00 | 55.00 | NOTE | |
r-oldrel-macos-arm64 | 0.1-2 | 21.00 | NOTE | |||
r-oldrel-macos-x86_64 | 0.1-2 | 27.00 | NOTE | |||
r-oldrel-windows-ix86+x86_64 | 0.1-2 | 6.00 | 39.00 | 45.00 | NOTE |
Version: 0.1-2
Check: dependencies in R code
Result: NOTE
'library' or 'require' call to 'lars' which was already attached by Depends.
Please remove these calls from your code.
Package in Depends field not imported from: 'lars'
These packages need to be imported from (in the NAMESPACE file)
for when this namespace is loaded but not attached.
Flavors: r-devel-linux-x86_64-debian-clang, r-devel-linux-x86_64-debian-gcc, r-devel-linux-x86_64-fedora-clang, r-devel-linux-x86_64-fedora-gcc, r-devel-windows-x86_64, r-patched-linux-x86_64, r-release-linux-x86_64, r-release-macos-arm64, r-release-macos-x86_64, r-release-windows-x86_64, r-oldrel-macos-arm64, r-oldrel-macos-x86_64, r-oldrel-windows-ix86+x86_64
Version: 0.1-2
Check: R code for possible problems
Result: NOTE
relaxo: no visible global function definition for 'lars'
Undefined global functions or variables:
lars
Flavors: r-devel-linux-x86_64-debian-clang, r-devel-linux-x86_64-debian-gcc, r-devel-linux-x86_64-fedora-clang, r-devel-linux-x86_64-fedora-gcc, r-devel-windows-x86_64, r-patched-linux-x86_64, r-release-linux-x86_64, r-release-macos-arm64, r-release-macos-x86_64, r-release-windows-x86_64, r-oldrel-macos-arm64, r-oldrel-macos-x86_64, r-oldrel-windows-ix86+x86_64
Version: 0.1-2
Check: Rd line widths
Result: NOTE
Rd file 'cvrelaxo.Rd':
\usage lines wider than 90 characters:
cvrelaxo(X, Y, K = 5, phi = seq(0, 1, length = 10), max.steps = min( 2* length(Y), 2 * ncol(X)), fast = TRUE, keep.data = TRUE, warn=TR ... [TRUNCATED]
Rd file 'plot.relaxo.Rd':
\usage lines wider than 90 characters:
plot(x, type = "l", lty = 1, main = NULL, xlab = "|beta|/max|beta| (phi=1)", ylab = expression("coefficients " * beta[j]), plotphi = u ... [TRUNCATED]
Rd file 'relaxo.Rd':
\usage lines wider than 90 characters:
relaxo(X, Y, phi = seq(0, 1, length = 4), max.steps = min(2*length(Y), 2 * ncol(X)), fast = TRUE, keep.data = TRUE, warn=TRUE)
These lines will be truncated in the PDF manual.
Flavors: r-devel-linux-x86_64-debian-clang, r-devel-linux-x86_64-debian-gcc, r-devel-linux-x86_64-fedora-clang, r-devel-linux-x86_64-fedora-gcc, r-patched-linux-x86_64, r-release-linux-x86_64