Last updated on 2022-05-15 01:52:28 CEST.
Flavor | Version | Tinstall | Tcheck | Ttotal | Status | Flags |
---|---|---|---|---|---|---|
r-devel-linux-x86_64-debian-clang | 1.2-6 | 11.13 | 86.15 | 97.28 | OK | |
r-devel-linux-x86_64-debian-gcc | 1.2-6 | 5.71 | 66.44 | 72.15 | OK | |
r-devel-linux-x86_64-fedora-clang | 1.2-6 | 113.54 | NOTE | |||
r-devel-linux-x86_64-fedora-gcc | 1.2-6 | 105.49 | OK | |||
r-devel-windows-x86_64 | 1.2-6 | 26.00 | 93.00 | 119.00 | OK | |
r-patched-linux-x86_64 | 1.2-6 | 9.60 | 83.36 | 92.96 | OK | |
r-release-linux-x86_64 | 1.2-6 | 10.16 | 84.38 | 94.54 | OK | |
r-release-macos-arm64 | 1.2-6 | 35.00 | OK | |||
r-release-macos-x86_64 | 1.2-6 | 48.00 | OK | |||
r-release-windows-x86_64 | 1.2-6 | 28.00 | 96.00 | 124.00 | OK | |
r-oldrel-macos-arm64 | 1.2-6 | 43.00 | OK | |||
r-oldrel-macos-x86_64 | 1.2-6 | 67.00 | OK | |||
r-oldrel-windows-ix86+x86_64 | 1.2-6 | 28.00 | 113.00 | 141.00 | OK |
Version: 1.2-6
Check: Rd cross-references
Result: NOTE
Undeclared package ‘monomvn’ in Rd xrefs
Flavor: r-devel-linux-x86_64-fedora-clang