Last updated on 2022-05-15 01:52:28 CEST.
Flavor | Version | Tinstall | Tcheck | Ttotal | Status | Flags |
---|---|---|---|---|---|---|
r-devel-linux-x86_64-debian-clang | 2.14.0 | 46.73 | 247.19 | 293.92 | OK | |
r-devel-linux-x86_64-debian-gcc | 2.14.0 | 34.08 | 179.65 | 213.73 | OK | |
r-devel-linux-x86_64-fedora-clang | 2.14.0 | 373.72 | OK | |||
r-devel-linux-x86_64-fedora-gcc | 2.14.0 | 351.20 | OK | |||
r-devel-windows-x86_64 | 2.14.0 | 111.00 | 328.00 | 439.00 | OK | |
r-patched-linux-x86_64 | 2.14.0 | 41.40 | 234.22 | 275.62 | OK | |
r-release-linux-x86_64 | 2.14.0 | 40.36 | 240.73 | 281.09 | OK | |
r-release-macos-arm64 | 2.14.0 | 130.00 | OK | |||
r-release-macos-x86_64 | 2.14.0 | 179.00 | OK | |||
r-release-windows-x86_64 | 2.14.0 | 79.00 | 331.00 | 410.00 | OK | |
r-oldrel-macos-arm64 | 2.14.0 | 141.00 | NOTE | |||
r-oldrel-macos-x86_64 | 2.14.0 | 177.00 | OK | |||
r-oldrel-windows-ix86+x86_64 | 2.14.0 | 80.00 | 301.00 | 381.00 | OK |
Version: 2.14.0
Check: installed package size
Result: NOTE
installed size is 5.0Mb
sub-directories of 1Mb or more:
R 2.0Mb
data 1.5Mb
Flavor: r-oldrel-macos-arm64