Last updated on 2022-05-15 01:52:28 CEST.
Flavor | Version | Tinstall | Tcheck | Ttotal | Status | Flags |
---|---|---|---|---|---|---|
r-devel-linux-x86_64-debian-clang | 0.2.0 | 507.19 | 160.43 | 667.62 | NOTE | |
r-devel-linux-x86_64-debian-gcc | 0.2.0 | 438.93 | 137.27 | 576.20 | NOTE | |
r-devel-linux-x86_64-fedora-clang | 0.2.0 | 981.40 | NOTE | |||
r-devel-linux-x86_64-fedora-gcc | 0.2.0 | 919.61 | NOTE | |||
r-devel-windows-x86_64 | 0.2.0 | 307.00 | 233.00 | 540.00 | NOTE | |
r-patched-linux-x86_64 | 0.2.0 | 328.70 | 177.93 | 506.63 | NOTE | |
r-release-linux-x86_64 | 0.2.0 | 387.84 | 175.17 | 563.01 | NOTE | |
r-release-macos-arm64 | 0.2.0 | 232.00 | NOTE | |||
r-release-macos-x86_64 | 0.2.0 | 415.00 | NOTE | |||
r-release-windows-x86_64 | 0.2.0 | 330.00 | 237.00 | 567.00 | NOTE | |
r-oldrel-macos-arm64 | 0.2.0 | 229.00 | NOTE | |||
r-oldrel-macos-x86_64 | 0.2.0 | 310.00 | NOTE | |||
r-oldrel-windows-ix86+x86_64 | 0.2.0 | 470.00 | 9.00 | 479.00 | ERROR |
Version: 0.2.0
Check: for GNU extensions in Makefiles
Result: NOTE
GNU make is a SystemRequirements.
Flavors: r-devel-linux-x86_64-debian-clang, r-devel-linux-x86_64-debian-gcc, r-devel-linux-x86_64-fedora-clang, r-devel-linux-x86_64-fedora-gcc, r-devel-windows-x86_64, r-patched-linux-x86_64, r-release-linux-x86_64, r-release-macos-arm64, r-release-macos-x86_64, r-release-windows-x86_64, r-oldrel-macos-arm64, r-oldrel-macos-x86_64
Version: 0.2.0
Check: installed package size
Result: NOTE
installed size is 51.2Mb
sub-directories of 1Mb or more:
libs 50.4Mb
Flavors: r-devel-linux-x86_64-fedora-clang, r-release-macos-arm64, r-release-macos-x86_64, r-oldrel-macos-arm64, r-oldrel-macos-x86_64
Version: 0.2.0
Check: dependencies in R code
Result: NOTE
Namespaces in Imports field not imported from:
‘RcppParallel’ ‘rstantools’ ‘shinythemes’
All declared Imports should be used.
Flavors: r-devel-linux-x86_64-fedora-clang, r-devel-linux-x86_64-fedora-gcc, r-release-macos-arm64, r-release-macos-x86_64, r-oldrel-macos-arm64, r-oldrel-macos-x86_64
Version: 0.2.0
Check: whether package can be installed
Result: ERROR
Installation failed.
Flavor: r-oldrel-windows-ix86+x86_64