CRAN Package Check Results for Package rapsimng

Last updated on 2022-05-15 01:52:28 CEST.

Flavor Version Tinstall Tcheck Ttotal Status Flags
r-devel-linux-x86_64-debian-clang 0.3.0 5.77 61.61 67.38 OK
r-devel-linux-x86_64-debian-gcc 0.3.0 3.42 45.94 49.36 OK
r-devel-linux-x86_64-fedora-clang 0.3.0 80.98 NOTE
r-devel-linux-x86_64-fedora-gcc 0.3.0 75.59 NOTE
r-devel-windows-x86_64 0.3.0 19.00 80.00 99.00 OK
r-patched-linux-x86_64 0.3.0 3.75 57.82 61.57 OK
r-release-linux-x86_64 0.3.0 5.04 57.85 62.89 OK
r-release-macos-arm64 0.3.0 25.00 NOTE
r-release-macos-x86_64 0.3.0 47.00 NOTE
r-release-windows-x86_64 0.3.0 21.00 83.00 104.00 OK
r-oldrel-macos-arm64 0.3.0 28.00 NOTE
r-oldrel-macos-x86_64 0.3.0 34.00 NOTE
r-oldrel-windows-ix86+x86_64 0.3.0 11.00 75.00 86.00 OK

Check Details

Version: 0.3.0
Check: dependencies in R code
Result: NOTE
    Namespaces in Imports field not imported from:
     ‘dplyr’ ‘tidyr’
     All declared Imports should be used.
Flavors: r-devel-linux-x86_64-fedora-clang, r-devel-linux-x86_64-fedora-gcc, r-release-macos-arm64, r-release-macos-x86_64, r-oldrel-macos-arm64, r-oldrel-macos-x86_64