Last updated on 2022-05-15 01:52:28 CEST.
Flavor | Version | Tinstall | Tcheck | Ttotal | Status | Flags |
---|---|---|---|---|---|---|
r-devel-linux-x86_64-debian-clang | 1.1 | 4.88 | 47.40 | 52.28 | OK | |
r-devel-linux-x86_64-debian-gcc | 1.1 | 2.83 | 36.38 | 39.21 | OK | |
r-devel-linux-x86_64-fedora-clang | 1.1 | 62.62 | NOTE | |||
r-devel-linux-x86_64-fedora-gcc | 1.1 | 61.61 | OK | |||
r-devel-windows-x86_64 | 1.1 | 74.00 | 73.00 | 147.00 | OK | |
r-patched-linux-x86_64 | 1.1 | 4.72 | 46.42 | 51.14 | OK | |
r-release-linux-x86_64 | 1.1 | 3.83 | 45.61 | 49.44 | OK | |
r-release-macos-arm64 | 1.1 | 21.00 | OK | |||
r-release-macos-x86_64 | 1.1 | 30.00 | OK | |||
r-release-windows-x86_64 | 1.1 | 76.00 | 73.00 | 149.00 | OK | |
r-oldrel-macos-arm64 | 1.1 | 19.00 | OK | |||
r-oldrel-macos-x86_64 | 1.1 | 28.00 | OK | |||
r-oldrel-windows-ix86+x86_64 | 1.1 | 11.00 | 61.00 | 72.00 | OK |
Version: 1.1
Check: Rd cross-references
Result: NOTE
Undeclared package ‘reshape’ in Rd xrefs
Flavor: r-devel-linux-x86_64-fedora-clang