Last updated on 2022-05-15 01:52:28 CEST.
Flavor | Version | Tinstall | Tcheck | Ttotal | Status | Flags |
---|---|---|---|---|---|---|
r-devel-linux-x86_64-debian-clang | 1.5 | 61.67 | 294.45 | 356.12 | OK | |
r-devel-linux-x86_64-debian-gcc | 1.5 | 49.23 | 217.54 | 266.77 | OK | |
r-devel-linux-x86_64-fedora-clang | 1.5 | 421.15 | OK | |||
r-devel-linux-x86_64-fedora-gcc | 1.5 | 415.25 | OK | |||
r-devel-windows-x86_64 | 1.5 | 77.00 | 309.00 | 386.00 | OK | |
r-patched-linux-x86_64 | 1.5 | 54.85 | 279.45 | 334.30 | OK | |
r-release-linux-x86_64 | 1.5 | 50.60 | 284.08 | 334.68 | OK | |
r-release-macos-arm64 | 1.5 | 108.00 | OK | |||
r-release-macos-x86_64 | 1.5 | 191.00 | OK | |||
r-release-windows-x86_64 | 1.5 | 75.00 | 293.00 | 368.00 | OK | |
r-oldrel-macos-arm64 | 1.5 | 76.00 | OK | |||
r-oldrel-macos-x86_64 | 1.5 | 86.00 | OK | |||
r-oldrel-windows-ix86+x86_64 | 1.5 | 119.00 | 409.00 | 528.00 | NOTE |
Version: 1.5
Check: installed package size
Result: NOTE
installed size is 5.3Mb
sub-directories of 1Mb or more:
R 2.4Mb
libs 2.0Mb
Flavor: r-oldrel-windows-ix86+x86_64