Last updated on 2022-05-15 01:52:28 CEST.
Flavor | Version | Tinstall | Tcheck | Ttotal | Status | Flags |
---|---|---|---|---|---|---|
r-devel-linux-x86_64-debian-clang | 0.10.1 | 10.43 | 292.73 | 303.16 | NOTE | |
r-devel-linux-x86_64-debian-gcc | 0.10.1 | 7.52 | 209.86 | 217.38 | NOTE | |
r-devel-linux-x86_64-fedora-clang | 0.10.1 | 334.88 | NOTE | |||
r-devel-linux-x86_64-fedora-gcc | 0.10.1 | 330.12 | NOTE | |||
r-devel-windows-x86_64 | 0.10.1 | 88.00 | 287.00 | 375.00 | NOTE | |
r-patched-linux-x86_64 | 0.10.1 | 6.91 | 265.98 | 272.89 | NOTE | |
r-release-linux-x86_64 | 0.10.1 | 8.35 | 267.84 | 276.19 | NOTE | |
r-release-macos-arm64 | 0.10.1 | 83.00 | NOTE | |||
r-release-macos-x86_64 | 0.10.1 | 180.00 | NOTE | |||
r-release-windows-x86_64 | 0.10.1 | 76.00 | 277.00 | 353.00 | NOTE | |
r-oldrel-macos-arm64 | 0.10.1 | 127.00 | NOTE | |||
r-oldrel-macos-x86_64 | 0.10.1 | 108.00 | NOTE | |||
r-oldrel-windows-ix86+x86_64 | 0.10.1 | 21.00 | 302.00 | 323.00 | NOTE |
Version: 0.10.1
Check: LazyData
Result: NOTE
'LazyData' is specified without a 'data' directory
Flavors: r-devel-linux-x86_64-debian-clang, r-devel-linux-x86_64-debian-gcc, r-devel-linux-x86_64-fedora-clang, r-devel-linux-x86_64-fedora-gcc, r-devel-windows-x86_64, r-patched-linux-x86_64, r-release-linux-x86_64, r-release-macos-arm64, r-release-macos-x86_64, r-release-windows-x86_64, r-oldrel-macos-arm64, r-oldrel-macos-x86_64, r-oldrel-windows-ix86+x86_64