Last updated on 2022-05-15 01:52:28 CEST.
Flavor | Version | Tinstall | Tcheck | Ttotal | Status | Flags |
---|---|---|---|---|---|---|
r-devel-linux-x86_64-debian-clang | 2.2.6 | 4.69 | 64.55 | 69.24 | OK | |
r-devel-linux-x86_64-debian-gcc | 2.2.6 | 4.19 | 49.81 | 54.00 | OK | |
r-devel-linux-x86_64-fedora-clang | 2.2.6 | 83.10 | NOTE | |||
r-devel-linux-x86_64-fedora-gcc | 2.2.6 | 79.66 | NOTE | |||
r-devel-windows-x86_64 | 2.2.6 | 40.00 | 96.00 | 136.00 | OK | |
r-patched-linux-x86_64 | 2.2.6 | 4.29 | 61.45 | 65.74 | OK | |
r-release-linux-x86_64 | 2.2.6 | 5.02 | 61.39 | 66.41 | OK | |
r-release-macos-arm64 | 2.2.6 | 25.00 | NOTE | |||
r-release-macos-x86_64 | 2.2.6 | 57.00 | NOTE | |||
r-release-windows-x86_64 | 2.2.6 | 33.00 | 95.00 | 128.00 | OK | |
r-oldrel-macos-arm64 | 2.2.6 | 25.00 | NOTE | |||
r-oldrel-macos-x86_64 | 2.2.6 | 34.00 | NOTE | |||
r-oldrel-windows-ix86+x86_64 | 2.2.6 | 11.00 | 79.00 | 90.00 | OK |
Version: 2.2.6
Check: dependencies in R code
Result: NOTE
Namespaces in Imports field not imported from:
‘qpdf’ ‘utf8’
All declared Imports should be used.
Flavors: r-devel-linux-x86_64-fedora-clang, r-devel-linux-x86_64-fedora-gcc, r-release-macos-arm64, r-release-macos-x86_64, r-oldrel-macos-arm64, r-oldrel-macos-x86_64