Last updated on 2022-05-15 01:52:28 CEST.
Flavor | Version | Tinstall | Tcheck | Ttotal | Status | Flags |
---|---|---|---|---|---|---|
r-devel-linux-x86_64-debian-clang | 1.4.1 | 17.48 | 157.34 | 174.82 | OK | |
r-devel-linux-x86_64-debian-gcc | 1.4.1 | 13.68 | 115.54 | 129.22 | OK | |
r-devel-linux-x86_64-fedora-clang | 1.4.1 | 214.77 | NOTE | |||
r-devel-linux-x86_64-fedora-gcc | 1.4.1 | 208.25 | OK | |||
r-devel-windows-x86_64 | 1.4.1 | 225.00 | 191.00 | 416.00 | OK | |
r-patched-linux-x86_64 | 1.4.1 | 16.42 | 145.35 | 161.77 | OK | |
r-release-linux-x86_64 | 1.4.1 | 16.88 | 146.45 | 163.33 | OK | |
r-release-macos-arm64 | 1.4.1 | 49.00 | OK | |||
r-release-macos-x86_64 | 1.4.1 | 93.00 | OK | |||
r-release-windows-x86_64 | 1.4.1 | 151.00 | 185.00 | 336.00 | OK | |
r-oldrel-macos-arm64 | 1.4.1 | 60.00 | OK | |||
r-oldrel-macos-x86_64 | 1.4.1 | 76.00 | OK | |||
r-oldrel-windows-ix86+x86_64 | 1.4.1 | 41.00 | 178.00 | 219.00 | OK |
Version: 1.4.1
Check: package dependencies
Result: NOTE
Imports includes 27 non-default packages.
Importing from so many packages makes the package vulnerable to any of
them becoming unavailable. Move as many as possible to Suggests and
use conditionally.
Flavor: r-devel-linux-x86_64-fedora-clang