CRAN Package Check Results for Package rTorch

Last updated on 2022-05-15 01:52:30 CEST.

Flavor Version Tinstall Tcheck Ttotal Status Flags
r-devel-linux-x86_64-debian-clang 0.4.2 10.54 93.58 104.12 NOTE
r-devel-linux-x86_64-debian-gcc 0.4.2 7.65 70.26 77.91 NOTE
r-devel-linux-x86_64-fedora-clang 0.4.2 119.75 NOTE
r-devel-linux-x86_64-fedora-gcc 0.4.2 125.06 NOTE
r-devel-windows-x86_64 0.4.2 53.00 135.00 188.00 NOTE
r-patched-linux-x86_64 0.4.2 9.05 87.92 96.97 NOTE
r-release-linux-x86_64 0.4.2 7.57 88.73 96.30 NOTE
r-release-macos-arm64 0.4.2 34.00 NOTE
r-release-macos-x86_64 0.4.2 50.00 NOTE
r-release-windows-x86_64 0.4.2 54.00 117.00 171.00 NOTE
r-oldrel-macos-arm64 0.4.2 41.00 NOTE
r-oldrel-macos-x86_64 0.4.2 67.00 NOTE
r-oldrel-windows-ix86+x86_64 0.4.2 20.00 111.00 131.00 NOTE

Check Details

Version: 0.4.2
Check: LazyData
Result: NOTE
     'LazyData' is specified without a 'data' directory
Flavors: r-devel-linux-x86_64-debian-clang, r-devel-linux-x86_64-debian-gcc, r-devel-linux-x86_64-fedora-clang, r-devel-linux-x86_64-fedora-gcc, r-devel-windows-x86_64, r-patched-linux-x86_64, r-release-linux-x86_64, r-release-macos-arm64, r-release-macos-x86_64, r-release-windows-x86_64, r-oldrel-macos-arm64, r-oldrel-macos-x86_64, r-oldrel-windows-ix86+x86_64

Version: 0.4.2
Check: dependencies in R code
Result: NOTE
    Namespace in Imports field not imported from: ‘methods’
     All declared Imports should be used.
Flavors: r-devel-linux-x86_64-fedora-clang, r-devel-linux-x86_64-fedora-gcc, r-release-macos-arm64, r-release-macos-x86_64, r-oldrel-macos-arm64, r-oldrel-macos-x86_64